{"id":20036,"date":"2022-12-16T22:04:22","date_gmt":"2022-12-16T21:04:22","guid":{"rendered":"https:\/\/www.perla.al\/?post_type=estate&#038;p=20036"},"modified":"2022-12-16T22:04:22","modified_gmt":"2022-12-16T21:04:22","slug":"shitet-apartament-212-tualete-te-rruga-e-barrikadave","status":"publish","type":"estate","link":"https:\/\/www.perla.al\/al\/properties\/apartment\/tirane\/rrruga-e-barrikadave\/shitet-apartament-212-tualete-te-rruga-e-barrikadave\/","title":{"rendered":"Shitet apartament 2+1+2 tualete te rruga e Barrikadave"},"content":{"rendered":"<p>Shitet apartament 2+1+2 tualete te rruga e Barrikadave.<br \/>\nApartamenti ndodhet ne nje pallat te ri, te 2022 i sapo perfunduar dhe disponon punime teper cilesore. Ka orientim jug lindje me plot ndricim natyral .<br \/>\nApartamenti ka kubature shume te rregullt dhe ndodhet ne katin e pare mbi dyqan.<br \/>\nZona eshte teper e preferuar dhe te ofron te gjitha facilitetet e nevojshme ne nje kohe te shkurter.<br \/>\nSiperfaqja totale 110m\u00b2  nga ku 95m\u00b2eshte neto.<br \/>\n\u00c7mimi 1890\u20ac \/ m\u00b2.<br \/>\nP\u00ebr m\u00eb shum\u00eb informacion apo nje vizite ne prone na kontaktoni!<\/p>\n","protected":false},"author":15,"featured_media":20035,"template":"","class_list":["post-20036","estate","type-estate","status-publish","has-post-thumbnail","hentry","property-type-apartment","offer-type-for-sale","neighborhood-rrruga-e-barrikadave","city-tirane","street-rrruga-e-barrikadave","klient-438-erjoni"],"translation":{"provider":"WPGlobus","version":"2.12.2","language":"al","enabled_languages":["en","al"],"languages":{"en":{"title":true,"content":true,"excerpt":false},"al":{"title":false,"content":false,"excerpt":false}}},"_links":{"self":[{"href":"https:\/\/www.perla.al\/al\/wp-json\/wp\/v2\/estate\/20036"}],"collection":[{"href":"https:\/\/www.perla.al\/al\/wp-json\/wp\/v2\/estate"}],"about":[{"href":"https:\/\/www.perla.al\/al\/wp-json\/wp\/v2\/types\/estate"}],"author":[{"embeddable":true,"href":"https:\/\/www.perla.al\/al\/wp-json\/wp\/v2\/users\/15"}],"wp:featuredmedia":[{"embeddable":true,"href":"https:\/\/www.perla.al\/al\/wp-json\/wp\/v2\/media\/20035"}],"wp:attachment":[{"href":"https:\/\/www.perla.al\/al\/wp-json\/wp\/v2\/media?parent=20036"}],"curies":[{"name":"wp","href":"https:\/\/api.w.org\/{rel}","templated":true}]}}

<p>Shitet apartament 2+1+2 tualete te rruga e Barrikadave.<br />
Apartamenti ndodhet ne nje pallat te ri, te 2022 i sapo perfunduar dhe disponon punime teper cilesore. Ka orientim jug lindje me plot ndricim natyral .<br />
Apartamenti ka kubature shume te rregullt dhe ndodhet ne katin e pare mbi dyqan.<br />
Zona eshte teper e preferuar dhe te ofron te gjitha facilitetet e nevojshme ne nje kohe te shkurter.<br />
Siperfaqja totale 110m²  nga ku 95m²eshte neto.<br />
Çmimi 1890€ / m².<br />
Për më shumë informacion apo nje vizite ne prone na kontaktoni!</p>
