{"id":22877,"date":"2023-09-15T16:31:39","date_gmt":"2023-09-15T14:31:39","guid":{"rendered":"https:\/\/www.perla.al\/?post_type=estate&#038;p=22877"},"modified":"2023-09-15T16:31:39","modified_gmt":"2023-09-15T14:31:39","slug":"apartament-me-qira-tirana-e-re-rruga-e-kosovareve-shqiperi","status":"publish","type":"estate","link":"https:\/\/www.perla.al\/al\/properties\/apartment\/tirane\/rruga-e-kosovareve\/apartament-me-qira-tirana-e-re-rruga-e-kosovareve-shqiperi\/","title":{"rendered":"Apartament &#8211; Me Qira &#8211; Tirana e Re &#8211; Rruga e Kosovareve, Shqip\u00ebri"},"content":{"rendered":"<p>Apartamenti ndodhet tek Rruga e Kosovareve vije e par\u00eb, Tiran\u00eb.<\/p>\n<p>Informacion mbi apartamentin:<br \/>\n\u2022 Kati 6<br \/>\n\u2022 Sip\u00ebrfaqja e apartamentit: 70 m2<\/p>\n<p>Apartamenti disponon:<br \/>\n\u2022 Ambient Ndenje<br \/>\n\u2022 Ambient Gatimi<br \/>\n\u2022 1 Dhom\u00eb gjumi<br \/>\n\u2022 1 Tualet<br \/>\n\u2022 1 Ballkon<\/p>\n<p>Cil\u00ebsime t\u00eb tjera:<br \/>\n\u2022 Ndertim i ri<br \/>\n\u2022 I mobiluar n\u00eb menyr\u00eb luksoze<br \/>\n\u2022 Kondicioner<br \/>\n\u2022 Elektroshtepiaket me marka shume cil\u00ebsore<br \/>\n\u00c7mimi: 800 euro\/muaj<\/p>\n<p>P\u00ebr ta vizituar na kontaktoni.<\/p>\n","protected":false},"author":15,"featured_media":22871,"template":"","class_list":["post-22877","estate","type-estate","status-publish","has-post-thumbnail","hentry","property-type-apartment","offer-type-for-rent","neighborhood-rruga-e-kosovareve","city-tirane","street-rruga-e-kosovareve-tirana-albania","klient-ervisa-16"],"translation":{"provider":"WPGlobus","version":"2.12.2","language":"al","enabled_languages":["en","al"],"languages":{"en":{"title":true,"content":true,"excerpt":false},"al":{"title":false,"content":false,"excerpt":false}}},"_links":{"self":[{"href":"https:\/\/www.perla.al\/al\/wp-json\/wp\/v2\/estate\/22877"}],"collection":[{"href":"https:\/\/www.perla.al\/al\/wp-json\/wp\/v2\/estate"}],"about":[{"href":"https:\/\/www.perla.al\/al\/wp-json\/wp\/v2\/types\/estate"}],"author":[{"embeddable":true,"href":"https:\/\/www.perla.al\/al\/wp-json\/wp\/v2\/users\/15"}],"wp:featuredmedia":[{"embeddable":true,"href":"https:\/\/www.perla.al\/al\/wp-json\/wp\/v2\/media\/22871"}],"wp:attachment":[{"href":"https:\/\/www.perla.al\/al\/wp-json\/wp\/v2\/media?parent=22877"}],"curies":[{"name":"wp","href":"https:\/\/api.w.org\/{rel}","templated":true}]}}

Apartament &#8211; Me Qira &#8211; Tirana e Re &#8211; Rruga e Kosovareve, Shqipëri

<p>Apartamenti ndodhet tek Rruga e Kosovareve vije e parë, Tiranë.</p>
<p>Informacion mbi apartamentin:<br />
• Kati 6<br />
• Sipërfaqja e apartamentit: 70 m2</p>
<p>Apartamenti disponon:<br />
• Ambient Ndenje<br />
• Ambient Gatimi<br />
• 1 Dhomë gjumi<br />
• 1 Tualet<br />
• 1 Ballkon</p>
<p>Cilësime të tjera:<br />
• Ndertim i ri<br />
• I mobiluar në menyrë luksoze<br />
• Kondicioner<br />
• Elektroshtepiaket me marka shume cilësore<br />
Çmimi: 800 euro/muaj</p>
<p>Për ta vizituar na kontaktoni.</p>
