{"id":24352,"date":"2023-11-27T09:57:15","date_gmt":"2023-11-27T08:57:15","guid":{"rendered":"https:\/\/www.perla.al\/?post_type=estate&#038;p=24352"},"modified":"2023-11-27T09:57:15","modified_gmt":"2023-11-27T08:57:15","slug":"shitet-apartament-212-gjiri-i-lalezit","status":"publish","type":"estate","link":"https:\/\/www.perla.al\/al\/properties\/apartment\/tirane\/gjiri-i-lalezit\/shitet-apartament-212-gjiri-i-lalezit\/","title":{"rendered":"Shitet apartament (2+1+2), Gjiri i Lal\u00ebzit"},"content":{"rendered":"<p>Shitet Apartament 2+1+2 me oborr tek Gjiri Lalzit (Lura1)<br \/>\nApartamenti ndodhet n\u00eb nj\u00eb nga rezidencat m\u00eb t\u00eb mir\u00eb n\u00eb zon\u00eb si kompleksi &#8220;Lura&#8221;.<br \/>\nOrganizohet: Sallon s\u00eb bashku me kuzhin\u00ebn, dy dhoma gjumi, dy tualete, nje e madhe. verand\u00eb pran\u00eb hyrjes s\u00eb apartamentit dhe oborr p\u00ebrreth apartamentit me sip\u00ebrfaqe t\u00eb bollshme.<br \/>\nSip\u00ebrfaqja e brendshme \u00ebsht\u00eb 106.39 m2, veranda 30 m2, nd\u00ebrsa oborri rreth 45 m2.<br \/>\n Dokumentacion te rregullt hipotekor.<br \/>\n\u00c7mimi; 300000Euro<br \/>\nP\u00ebr m\u00eb shum\u00eb informacion na kontaktoni!<\/p>\n","protected":false},"author":15,"featured_media":24348,"template":"","class_list":["post-24352","estate","type-estate","status-publish","has-post-thumbnail","hentry","property-type-apartment","offer-type-for-sale","neighborhood-gjiri-i-lalezit","city-tirane","street-gjiri-i-lalzit-gjiri-i-lalzit-shqiperi","certificate-yes","klient-ervin"],"translation":{"provider":"WPGlobus","version":"2.12.2","language":"al","enabled_languages":["en","al"],"languages":{"en":{"title":true,"content":true,"excerpt":false},"al":{"title":false,"content":false,"excerpt":false}}},"_links":{"self":[{"href":"https:\/\/www.perla.al\/al\/wp-json\/wp\/v2\/estate\/24352"}],"collection":[{"href":"https:\/\/www.perla.al\/al\/wp-json\/wp\/v2\/estate"}],"about":[{"href":"https:\/\/www.perla.al\/al\/wp-json\/wp\/v2\/types\/estate"}],"author":[{"embeddable":true,"href":"https:\/\/www.perla.al\/al\/wp-json\/wp\/v2\/users\/15"}],"wp:featuredmedia":[{"embeddable":true,"href":"https:\/\/www.perla.al\/al\/wp-json\/wp\/v2\/media\/24348"}],"wp:attachment":[{"href":"https:\/\/www.perla.al\/al\/wp-json\/wp\/v2\/media?parent=24352"}],"curies":[{"name":"wp","href":"https:\/\/api.w.org\/{rel}","templated":true}]}}

Shitet apartament (2+1+2), Gjiri i Lalëzit

<p>Shitet Apartament 2+1+2 me oborr tek Gjiri Lalzit (Lura1)<br />
Apartamenti ndodhet në një nga rezidencat më të mirë në zonë si kompleksi &#8220;Lura&#8221;.<br />
Organizohet: Sallon së bashku me kuzhinën, dy dhoma gjumi, dy tualete, nje e madhe. verandë pranë hyrjes së apartamentit dhe oborr përreth apartamentit me sipërfaqe të bollshme.<br />
Sipërfaqja e brendshme është 106.39 m2, veranda 30 m2, ndërsa oborri rreth 45 m2.<br />
 Dokumentacion te rregullt hipotekor.<br />
Çmimi; 300000Euro<br />
Për më shumë informacion na kontaktoni!</p>
