{"id":25704,"date":"2024-02-08T11:57:58","date_gmt":"2024-02-08T10:57:58","guid":{"rendered":"https:\/\/www.perla.al\/?post_type=estate&#038;p=25704"},"modified":"2024-02-08T11:57:58","modified_gmt":"2024-02-08T10:57:58","slug":"jepet-me-qira-apartament-212-kodra-e-diellit","status":"publish","type":"estate","link":"https:\/\/www.perla.al\/al\/properties\/apartment\/tirane\/kodra-e-diellit\/jepet-me-qira-apartament-212-kodra-e-diellit\/","title":{"rendered":"Jepet me qira apartament (2+1+2), Kodra e Diellit"},"content":{"rendered":"<p>Jepet me qira apartament me qira, buz\u00eb unaze, Kodra e Diellit.<br \/>\nPallat i administruar, pran\u00eb t\u00eb gjitha faciliteteve.<br \/>\nOrganizohet nga nj\u00eb sallon ndjenje plus ambienti i gatimit dhe dy dhoma gjumi, dy ballkone dhe dy banjo. Ka dhe nj\u00eb garderob\u00eb t\u00eb ve\u00e7uar.<br \/>\nKati i gjasht\u00eb.<\/p>\n<p>Ofrohet i mobiluar si n\u00eb foto.<br \/>\n\u00c7mimi: 450 euro\/muaj<br \/>\nP\u00ebr nj\u00eb vizit\u00eb n\u00eb pron\u00eb na kontaktoni!<\/p>\n","protected":false},"author":15,"featured_media":25699,"template":"","class_list":["post-25704","estate","type-estate","status-publish","has-post-thumbnail","hentry","property-type-apartment","offer-type-for-rent","neighborhood-kodra-e-diellit","city-tirane","street-kodra-e-diellit","certificate-yes","klient-ervin"],"translation":{"provider":"WPGlobus","version":"2.12.2","language":"al","enabled_languages":["en","al"],"languages":{"en":{"title":true,"content":true,"excerpt":false},"al":{"title":false,"content":false,"excerpt":false}}},"_links":{"self":[{"href":"https:\/\/www.perla.al\/al\/wp-json\/wp\/v2\/estate\/25704"}],"collection":[{"href":"https:\/\/www.perla.al\/al\/wp-json\/wp\/v2\/estate"}],"about":[{"href":"https:\/\/www.perla.al\/al\/wp-json\/wp\/v2\/types\/estate"}],"author":[{"embeddable":true,"href":"https:\/\/www.perla.al\/al\/wp-json\/wp\/v2\/users\/15"}],"wp:featuredmedia":[{"embeddable":true,"href":"https:\/\/www.perla.al\/al\/wp-json\/wp\/v2\/media\/25699"}],"wp:attachment":[{"href":"https:\/\/www.perla.al\/al\/wp-json\/wp\/v2\/media?parent=25704"}],"curies":[{"name":"wp","href":"https:\/\/api.w.org\/{rel}","templated":true}]}}

<p>Jepet me qira apartament me qira, buzë unaze, Kodra e Diellit.<br />
Pallat i administruar, pranë të gjitha faciliteteve.<br />
Organizohet nga një sallon ndjenje plus ambienti i gatimit dhe dy dhoma gjumi, dy ballkone dhe dy banjo. Ka dhe një garderobë të veçuar.<br />
Kati i gjashtë.</p>
<p>Ofrohet i mobiluar si në foto.<br />
Çmimi: 450 euro/muaj<br />
Për një vizitë në pronë na kontaktoni!</p>
