{"id":26622,"date":"2024-03-30T15:54:19","date_gmt":"2024-03-30T14:54:19","guid":{"rendered":"https:\/\/www.perla.al\/?post_type=estate&#038;p=26622"},"modified":"2024-03-30T15:54:19","modified_gmt":"2024-03-30T14:54:19","slug":"shitet-apartament-11-fundi-bulevardit-te-ri","status":"publish","type":"estate","link":"https:\/\/www.perla.al\/al\/properties\/apartment\/tirane\/bulevardi-i-ri-shqiperi\/shitet-apartament-11-fundi-bulevardit-te-ri\/","title":{"rendered":"Shitet apartament (1+1), Fundi Bulevardit t\u00eb Ri"},"content":{"rendered":"<p>Shitet apartament (1+1), Fundi Bulevardit t\u00eb Ri<br \/>\nApartamenti ka nje planimetri te rregullt, me nje siperfaqe totale 83.46 m2, dhe neto 72.35 m2.<br \/>\nOrganizohet nga nj\u00eb sallon ndenje, dhom\u00eb gjumi dhe ballkon.Sip\u00ebrfaqja e konsiderueshme e mund\u00ebson dhe ndarjen n\u00eb dy dhoma gjumi. Apartamenti ka pamje nga Bulevardi dhe n\u00eb krah t\u00eb Unaz\u00ebs s\u00eb Madhe.<br \/>\nPunimet perfundojn\u00eb n\u00eb fund t\u00eb vitit 2024.( aktualisht n\u00eb faz\u00eb suvaje.)<br \/>\n\u00c7mimi; 91,806 \u20ac<br \/>\nP\u00ebr nj\u00eb vizit\u00eb n\u00eb pron\u00eb na kontaktoni!<\/p>\n","protected":false},"author":108,"featured_media":26620,"template":"","class_list":["post-26622","estate","type-estate","status-publish","has-post-thumbnail","hentry","property-type-apartment","offer-type-for-sale","neighborhood-bulevardi-i-ri-shqiperi","city-tirane","street-bulevardi-i-ri","certificate-in-process","klient-nardi"],"translation":{"provider":"WPGlobus","version":"2.12.2","language":"al","enabled_languages":["en","al"],"languages":{"en":{"title":true,"content":true,"excerpt":false},"al":{"title":false,"content":false,"excerpt":false}}},"_links":{"self":[{"href":"https:\/\/www.perla.al\/al\/wp-json\/wp\/v2\/estate\/26622"}],"collection":[{"href":"https:\/\/www.perla.al\/al\/wp-json\/wp\/v2\/estate"}],"about":[{"href":"https:\/\/www.perla.al\/al\/wp-json\/wp\/v2\/types\/estate"}],"author":[{"embeddable":true,"href":"https:\/\/www.perla.al\/al\/wp-json\/wp\/v2\/users\/108"}],"wp:featuredmedia":[{"embeddable":true,"href":"https:\/\/www.perla.al\/al\/wp-json\/wp\/v2\/media\/26620"}],"wp:attachment":[{"href":"https:\/\/www.perla.al\/al\/wp-json\/wp\/v2\/media?parent=26622"}],"curies":[{"name":"wp","href":"https:\/\/api.w.org\/{rel}","templated":true}]}}

Shitet apartament (1+1), Fundi Bulevardit të Ri

<p>Shitet apartament (1+1), Fundi Bulevardit të Ri<br />
Apartamenti ka nje planimetri te rregullt, me nje siperfaqe totale 83.46 m2, dhe neto 72.35 m2.<br />
Organizohet nga një sallon ndenje, dhomë gjumi dhe ballkon.Sipërfaqja e konsiderueshme e mundëson dhe ndarjen në dy dhoma gjumi. Apartamenti ka pamje nga Bulevardi dhe në krah të Unazës së Madhe.<br />
Punimet perfundojnë në fund të vitit 2024.( aktualisht në fazë suvaje.)<br />
Çmimi; 91,806 €<br />
Për një vizitë në pronë na kontaktoni!</p>
