{"id":27772,"date":"2024-06-29T08:27:51","date_gmt":"2024-06-29T06:27:51","guid":{"rendered":"https:\/\/www.perla.al\/?post_type=estate&#038;p=27772"},"modified":"2024-06-29T08:27:51","modified_gmt":"2024-06-29T06:27:51","slug":"shitet-apartamenti-11-tek-ish-fusha-e-aviacionit","status":"publish","type":"estate","link":"https:\/\/www.perla.al\/al\/properties\/apartment\/tirane\/fushaaviacionit\/shitet-apartamenti-11-tek-ish-fusha-e-aviacionit\/","title":{"rendered":"SHITET APARTAMENTI 1+1 TEK ISH FUSHA E AVIACIONIT"},"content":{"rendered":"<p>SHITET APARTAMENTI 1+1 TEK ISH FUSHA E AVIACIONIT<br \/>\nApartamenti ndodhet tek Ish Fusha e Aviacionit, Rruga &#8220;Beniamin Kruta&#8221;.<\/p>\n<p>\u2022 Planimetri e rregullt dhe hap\u00ebsira t\u00eb shfryt\u00ebzueshme n\u00eb maksimum.<br \/>\n\u2022 Cil\u00ebsia e nd\u00ebrtimit sipas standarteve europiane<br \/>\n\u2022 Mund\u00ebsi shum\u00eb e mir\u00eb investimi.<\/p>\n<p>P\u00ebr me shume informacion m\u00eb kontaktoni!<\/p>\n","protected":false},"author":86,"featured_media":27771,"template":"","class_list":["post-27772","estate","type-estate","status-publish","has-post-thumbnail","hentry","property-type-apartment","offer-type-for-sale","neighborhood-fushaaviacionit","city-tirane","street-fusha-e-aviacionit-albania","klient-https-www-remax-albania-com-sq-al-listime-apartament-ne-shitje-fusha-e-aviacionit-fusha-e-aviacionit-530361016-140"],"translation":{"provider":"WPGlobus","version":"2.12.2","language":"al","enabled_languages":["en","al"],"languages":{"en":{"title":true,"content":true,"excerpt":false},"al":{"title":false,"content":false,"excerpt":false}}},"_links":{"self":[{"href":"https:\/\/www.perla.al\/al\/wp-json\/wp\/v2\/estate\/27772"}],"collection":[{"href":"https:\/\/www.perla.al\/al\/wp-json\/wp\/v2\/estate"}],"about":[{"href":"https:\/\/www.perla.al\/al\/wp-json\/wp\/v2\/types\/estate"}],"author":[{"embeddable":true,"href":"https:\/\/www.perla.al\/al\/wp-json\/wp\/v2\/users\/86"}],"wp:featuredmedia":[{"embeddable":true,"href":"https:\/\/www.perla.al\/al\/wp-json\/wp\/v2\/media\/27771"}],"wp:attachment":[{"href":"https:\/\/www.perla.al\/al\/wp-json\/wp\/v2\/media?parent=27772"}],"curies":[{"name":"wp","href":"https:\/\/api.w.org\/{rel}","templated":true}]}}

<p>SHITET APARTAMENTI 1+1 TEK ISH FUSHA E AVIACIONIT<br />
Apartamenti ndodhet tek Ish Fusha e Aviacionit, Rruga &#8220;Beniamin Kruta&#8221;.</p>
<p>• Planimetri e rregullt dhe hapësira të shfrytëzueshme në maksimum.<br />
• Cilësia e ndërtimit sipas standarteve europiane<br />
• Mundësi shumë e mirë investimi.</p>
<p>Për me shume informacion më kontaktoni!</p>
