{"id":28027,"date":"2024-07-10T18:46:29","date_gmt":"2024-07-10T16:46:29","guid":{"rendered":"https:\/\/www.perla.al\/?post_type=estate&#038;p=28027"},"modified":"2024-07-10T18:46:29","modified_gmt":"2024-07-10T16:46:29","slug":"shitet-apartament-31-ne-rezidencen-kodra-e-diellit","status":"publish","type":"estate","link":"https:\/\/www.perla.al\/al\/properties\/apartment\/tirane\/kodra-e-diellit\/shitet-apartament-31-ne-rezidencen-kodra-e-diellit\/","title":{"rendered":"Shitet apartament 3+1  ne Rezidencen Kodra e Diellit"},"content":{"rendered":"<p>Apartament 3+1 per shitje ne Rezidencen Kodra e Diellit.<br \/>\nApartamenti ofrohet totalisht i mobiluar dhe ne kushte maksimalisht i mirembajtur.<br \/>\nEshte i organizuar ne nje sallon &amp; kuzhine, korridor shperndares, tre dhoma gjumi, dy tualete dhe ballkon.<br \/>\nSh\u00ebrbimet n\u00eb Rezidenc\u00ebn \u2018\u2019Kodra e Diellit\u2019\u2019 jan\u00eb t\u00eb larmishme dhe p\u00ebrfshijn\u00eb transport urban, supermarkete, klinika dhe farmaci, kopsht dhe shkoll\u00eb, bare, restorante dhe pasti\u00e7eri, pastrim kimik, pishina, palestra, parukeri dhe SPA, etj.<br \/>\nE mire\u0308organizuar ne\u0308 te\u0308 gjitha she\u0308rbimet e saj, ne\u0308 Rezidence\u0308 nuk mungon ve\u0308rtet asgje\u0308.<br \/>\nSiperfaqja totale 122 m2<br \/>\nCmimi 259.000 euro<\/p>\n","protected":false},"author":15,"featured_media":28026,"template":"","class_list":["post-28027","estate","type-estate","status-publish","has-post-thumbnail","hentry","property-type-apartment","offer-type-for-sale","neighborhood-kodra-e-diellit","city-tirane","street-kodra-e-diellit","certificate-yes","klient-181-dhurata"],"translation":{"provider":"WPGlobus","version":"2.12.2","language":"al","enabled_languages":["en","al"],"languages":{"en":{"title":true,"content":true,"excerpt":false},"al":{"title":false,"content":false,"excerpt":false}}},"_links":{"self":[{"href":"https:\/\/www.perla.al\/al\/wp-json\/wp\/v2\/estate\/28027"}],"collection":[{"href":"https:\/\/www.perla.al\/al\/wp-json\/wp\/v2\/estate"}],"about":[{"href":"https:\/\/www.perla.al\/al\/wp-json\/wp\/v2\/types\/estate"}],"author":[{"embeddable":true,"href":"https:\/\/www.perla.al\/al\/wp-json\/wp\/v2\/users\/15"}],"wp:featuredmedia":[{"embeddable":true,"href":"https:\/\/www.perla.al\/al\/wp-json\/wp\/v2\/media\/28026"}],"wp:attachment":[{"href":"https:\/\/www.perla.al\/al\/wp-json\/wp\/v2\/media?parent=28027"}],"curies":[{"name":"wp","href":"https:\/\/api.w.org\/{rel}","templated":true}]}}

<p>Apartament 3+1 per shitje ne Rezidencen Kodra e Diellit.<br />
Apartamenti ofrohet totalisht i mobiluar dhe ne kushte maksimalisht i mirembajtur.<br />
Eshte i organizuar ne nje sallon &amp; kuzhine, korridor shperndares, tre dhoma gjumi, dy tualete dhe ballkon.<br />
Shërbimet në Rezidencën ‘’Kodra e Diellit’’ janë të larmishme dhe përfshijnë transport urban, supermarkete, klinika dhe farmaci, kopsht dhe shkollë, bare, restorante dhe pastiçeri, pastrim kimik, pishina, palestra, parukeri dhe SPA, etj.<br />
E mirëorganizuar në të gjitha shërbimet e saj, në Rezidencë nuk mungon vërtet asgjë.<br />
Siperfaqja totale 122 m2<br />
Cmimi 259.000 euro</p>
