{"id":28857,"date":"2024-09-12T13:55:29","date_gmt":"2024-09-12T11:55:29","guid":{"rendered":"https:\/\/www.perla.al\/?post_type=estate&#038;p=28857"},"modified":"2024-09-12T13:55:29","modified_gmt":"2024-09-12T11:55:29","slug":"shitet-apartament-21-teg-mjull-bathore","status":"publish","type":"estate","link":"https:\/\/www.perla.al\/al\/properties\/apartment\/tirane\/teg\/shitet-apartament-21-teg-mjull-bathore\/","title":{"rendered":"Shitet apartament (2+1), Teg (Mjull Bathore)"},"content":{"rendered":"<p>Shitet apartament (2+1) n\u00eb nj\u00eb Rezidencat e nd\u00ebrtuara s\u00eb fundmi n\u00eb Teg, mjull Bathore.<br \/>\nRezidenca &#8220;Tirana Cielo&#8221; \u00ebsht\u00eb nd\u00ebrtuar me standarte t\u00eb larta t\u00eb nd\u00ebrtimit, dhe ideuar me hap\u00ebsira t\u00eb gjelb\u00ebrta.<br \/>\nApartamenti organizohet nga sallon ndjenje dhe ambienti e gatimit, dy dhoma gjumi dhe banjo, si dhe dy ballkone. Planimetri e rregullt.<br \/>\nOrientim &#8211; Lindje Per\u00ebndim.<br \/>\nPritet t\u00eb b\u00ebhet i banueshem ne pranvere te vitit te ardhshem.<br \/>\nPer nje vizite ne prone na kontaktoni!<\/p>\n","protected":false},"author":15,"featured_media":28853,"template":"","class_list":["post-28857","estate","type-estate","status-publish","has-post-thumbnail","hentry","property-type-apartment","offer-type-for-sale","neighborhood-teg","city-tirane","street-teg","certificate-in-process","klient-ervin"],"translation":{"provider":"WPGlobus","version":"2.12.2","language":"al","enabled_languages":["en","al"],"languages":{"en":{"title":true,"content":true,"excerpt":false},"al":{"title":false,"content":false,"excerpt":false}}},"_links":{"self":[{"href":"https:\/\/www.perla.al\/al\/wp-json\/wp\/v2\/estate\/28857"}],"collection":[{"href":"https:\/\/www.perla.al\/al\/wp-json\/wp\/v2\/estate"}],"about":[{"href":"https:\/\/www.perla.al\/al\/wp-json\/wp\/v2\/types\/estate"}],"author":[{"embeddable":true,"href":"https:\/\/www.perla.al\/al\/wp-json\/wp\/v2\/users\/15"}],"wp:featuredmedia":[{"embeddable":true,"href":"https:\/\/www.perla.al\/al\/wp-json\/wp\/v2\/media\/28853"}],"wp:attachment":[{"href":"https:\/\/www.perla.al\/al\/wp-json\/wp\/v2\/media?parent=28857"}],"curies":[{"name":"wp","href":"https:\/\/api.w.org\/{rel}","templated":true}]}}

<p>Shitet apartament (2+1) në një Rezidencat e ndërtuara së fundmi në Teg, mjull Bathore.<br />
Rezidenca &#8220;Tirana Cielo&#8221; është ndërtuar me standarte të larta të ndërtimit, dhe ideuar me hapësira të gjelbërta.<br />
Apartamenti organizohet nga sallon ndjenje dhe ambienti e gatimit, dy dhoma gjumi dhe banjo, si dhe dy ballkone. Planimetri e rregullt.<br />
Orientim &#8211; Lindje Perëndim.<br />
Pritet të bëhet i banueshem ne pranvere te vitit te ardhshem.<br />
Per nje vizite ne prone na kontaktoni!</p>
