{"id":28869,"date":"2024-09-12T13:55:28","date_gmt":"2024-09-12T11:55:28","guid":{"rendered":"https:\/\/www.perla.al\/?post_type=estate&#038;p=28869"},"modified":"2024-09-12T13:55:28","modified_gmt":"2024-09-12T11:55:28","slug":"shitet-apartament-31-yzberisht-2","status":"publish","type":"estate","link":"https:\/\/www.perla.al\/al\/properties\/apartment\/tirane\/yzberisht\/shitet-apartament-31-yzberisht-2\/","title":{"rendered":"Shitet apartament (3+1) Yzberisht"},"content":{"rendered":"<p>Shitet apartament (3+1) pran\u00eb Rotond\u00ebs Yzberisht<br \/>\nZon\u00eb me t\u00eb gjitha facilitetet e nevojshme.<br \/>\nNd\u00ebrtim ri, pallat i mir\u00ebadministruar me ashensor.<br \/>\nApartamenti organizohet nga nj\u00eb korridor q\u00eb shperndan n\u00eb tre dhoma gjumi, banjo dhe ballkon. Njera nga banjot eshte e lidhur me dhomen martesore.<br \/>\nPlanimetri e rregullt<br \/>\nOrientim Jug.<br \/>\nDrite natyrale.<br \/>\nSip\u00ebrfaqe bruto- 116 m2.<br \/>\nDokumentacion te rregullt hipotekor!<br \/>\n\u00c7mimi: 152000<br \/>\nPer nje vizite ne prone na kontaktoni!<\/p>\n","protected":false},"author":15,"featured_media":28860,"template":"","class_list":["post-28869","estate","type-estate","status-publish","has-post-thumbnail","hentry","property-type-apartment","offer-type-for-sale","neighborhood-yzberisht","city-tirane","street-yzberisht","certificate-yes","klient-ervin"],"translation":{"provider":"WPGlobus","version":"2.12.2","language":"al","enabled_languages":["en","al"],"languages":{"en":{"title":true,"content":true,"excerpt":false},"al":{"title":false,"content":false,"excerpt":false}}},"_links":{"self":[{"href":"https:\/\/www.perla.al\/al\/wp-json\/wp\/v2\/estate\/28869"}],"collection":[{"href":"https:\/\/www.perla.al\/al\/wp-json\/wp\/v2\/estate"}],"about":[{"href":"https:\/\/www.perla.al\/al\/wp-json\/wp\/v2\/types\/estate"}],"author":[{"embeddable":true,"href":"https:\/\/www.perla.al\/al\/wp-json\/wp\/v2\/users\/15"}],"wp:featuredmedia":[{"embeddable":true,"href":"https:\/\/www.perla.al\/al\/wp-json\/wp\/v2\/media\/28860"}],"wp:attachment":[{"href":"https:\/\/www.perla.al\/al\/wp-json\/wp\/v2\/media?parent=28869"}],"curies":[{"name":"wp","href":"https:\/\/api.w.org\/{rel}","templated":true}]}}

<p>Shitet apartament (3+1) pranë Rotondës Yzberisht<br />
Zonë me të gjitha facilitetet e nevojshme.<br />
Ndërtim ri, pallat i mirëadministruar me ashensor.<br />
Apartamenti organizohet nga një korridor që shperndan në tre dhoma gjumi, banjo dhe ballkon. Njera nga banjot eshte e lidhur me dhomen martesore.<br />
Planimetri e rregullt<br />
Orientim Jug.<br />
Drite natyrale.<br />
Sipërfaqe bruto- 116 m2.<br />
Dokumentacion te rregullt hipotekor!<br />
Çmimi: 152000<br />
Per nje vizite ne prone na kontaktoni!</p>
