{"id":29057,"date":"2024-10-10T10:41:37","date_gmt":"2024-10-10T08:41:37","guid":{"rendered":"https:\/\/www.perla.al\/?post_type=estate&#038;p=29057"},"modified":"2025-01-29T16:10:54","modified_gmt":"2025-01-29T15:10:54","slug":"shitet-biznes-me-veshje-tek-21-dhjetori","status":"publish","type":"estate","link":"https:\/\/www.perla.al\/al\/properties\/shop\/tirane\/21-dhjetori\/shitet-biznes-me-veshje-tek-21-dhjetori\/","title":{"rendered":"Shitet biznes me veshje tek 21 Dhjetori"},"content":{"rendered":"<p>Shitet biznes me veshje tek 21 Dhjetori.<br \/>\nKati 1<br \/>\n\u2022Ambjenti \u00ebsht\u00eb i rregullt dhe i bollsh\u00ebm<br \/>\n\u2022Ka kondicioner<br \/>\n\u2022Ka vetrat\u00eb xhami dhe me pamje nga rruga<br \/>\n\u20221 tualet<br \/>\nEsht\u00eb i investuar m\u00eb s\u00eb miri dhe aktualisht \u00ebsht\u00eb n\u00eb gjendje pune dhe shitet me mallin brenda.Ka xhiro t\u00eb k\u00ebnaqshme ditore dhe nj\u00eb klientel\u00eb t\u00eb rregullt.<br \/>\nMund\u00ebsi shum\u00eb e mir\u00eb investimi<br \/>\nSip\u00ebrfaqja e ambientit 140 m2<br \/>\nCmimi 25.000 euro<br \/>\nPer nje vizite ne prone me kontaktoni!<\/p>\n","protected":false},"author":15,"featured_media":29051,"template":"","class_list":["post-29057","estate","type-estate","status-publish","has-post-thumbnail","hentry","property-type-shop","offer-type-for-sale","neighborhood-21-dhjetori","city-tirane","street-21-dhjetori","certificate-yes","klient-219-dhurata"],"translation":{"provider":"WPGlobus","version":"2.12.2","language":"al","enabled_languages":["en","al"],"languages":{"en":{"title":true,"content":true,"excerpt":false},"al":{"title":false,"content":false,"excerpt":false}}},"_links":{"self":[{"href":"https:\/\/www.perla.al\/al\/wp-json\/wp\/v2\/estate\/29057"}],"collection":[{"href":"https:\/\/www.perla.al\/al\/wp-json\/wp\/v2\/estate"}],"about":[{"href":"https:\/\/www.perla.al\/al\/wp-json\/wp\/v2\/types\/estate"}],"author":[{"embeddable":true,"href":"https:\/\/www.perla.al\/al\/wp-json\/wp\/v2\/users\/15"}],"wp:featuredmedia":[{"embeddable":true,"href":"https:\/\/www.perla.al\/al\/wp-json\/wp\/v2\/media\/29051"}],"wp:attachment":[{"href":"https:\/\/www.perla.al\/al\/wp-json\/wp\/v2\/media?parent=29057"}],"curies":[{"name":"wp","href":"https:\/\/api.w.org\/{rel}","templated":true}]}}

<p>Shitet biznes me veshje tek 21 Dhjetori.<br />
Kati 1<br />
•Ambjenti është i rregullt dhe i bollshëm<br />
•Ka kondicioner<br />
•Ka vetratë xhami dhe me pamje nga rruga<br />
•1 tualet<br />
Eshtë i investuar më së miri dhe aktualisht është në gjendje pune dhe shitet me mallin brenda.Ka xhiro të kënaqshme ditore dhe një klientelë të rregullt.<br />
Mundësi shumë e mirë investimi<br />
Sipërfaqja e ambientit 140 m2<br />
Cmimi 25.000 euro<br />
Per nje vizite ne prone me kontaktoni!</p>
