{"id":29147,"date":"2024-10-21T11:46:30","date_gmt":"2024-10-21T09:46:30","guid":{"rendered":"https:\/\/www.perla.al\/?post_type=estate&#038;p=29147"},"modified":"2024-10-21T11:46:30","modified_gmt":"2024-10-21T09:46:30","slug":"jepet-me-qira-apartament-31-tek-rezidenca-kodra-e-diellit","status":"publish","type":"estate","link":"https:\/\/www.perla.al\/al\/properties\/apartment\/tirane\/kodra-e-diellit\/jepet-me-qira-apartament-31-tek-rezidenca-kodra-e-diellit\/","title":{"rendered":"JEPET ME QIRA APARTAMENT 3+1 TEK REZIDENCA KODRA E DIELLIT"},"content":{"rendered":"<p>JEPET ME QIRA APARTAMENT 3+1 TEK REZIDENCA KODRA E DIELLIT<br \/>\nApartamenti ndodhet nj\u00eb nga zonat m\u00eb t\u00eb qeta p\u00ebr banim dhe me m\u00eb shum\u00eb facilitetete te Kodra e Diellit (jo ne rezidence)<br \/>\nOrganizohet nga nj\u00eb sallon ndjenje plus kuzhin\u00eb, tre dhoma gjumi dhe dy banjo.<br \/>\nGjithashtu p\u00ebrbri apartamentit ka dhe nj\u00eb verand\u00eb prej 70 m2.<br \/>\nPlanemetri e rregullt dhe e q\u00ebndrueshme.<br \/>\nTotalisht i mobiluar me nj\u00eb arredim bashk\u00ebkohor.<br \/>\nE p\u00ebrshir\u00eb n\u00eb \u00e7mim edhe nj\u00eb postparkim.<\/p>\n<p>Siperfaqa:105m2<br \/>\nCmimi:950euro <\/p>\n<p>P\u00ebr nj\u00eb vizit\u00eb n\u00eb pron\u00eb na kontaktoni!<\/p>\n","protected":false},"author":86,"featured_media":29146,"template":"","class_list":["post-29147","estate","type-estate","status-publish","has-post-thumbnail","hentry","property-type-apartment","offer-type-for-rent","neighborhood-kodra-e-diellit","city-tirane","street-kodra-e-diellit","klient-https-www-remax-albania-com-sq-al-listime-apartament-per-qira-rezidenca-kodra-e-diellit-kodra-e-dielit-530481001-481"],"translation":{"provider":"WPGlobus","version":"2.12.2","language":"al","enabled_languages":["en","al"],"languages":{"en":{"title":true,"content":true,"excerpt":false},"al":{"title":false,"content":false,"excerpt":false}}},"_links":{"self":[{"href":"https:\/\/www.perla.al\/al\/wp-json\/wp\/v2\/estate\/29147"}],"collection":[{"href":"https:\/\/www.perla.al\/al\/wp-json\/wp\/v2\/estate"}],"about":[{"href":"https:\/\/www.perla.al\/al\/wp-json\/wp\/v2\/types\/estate"}],"author":[{"embeddable":true,"href":"https:\/\/www.perla.al\/al\/wp-json\/wp\/v2\/users\/86"}],"wp:featuredmedia":[{"embeddable":true,"href":"https:\/\/www.perla.al\/al\/wp-json\/wp\/v2\/media\/29146"}],"wp:attachment":[{"href":"https:\/\/www.perla.al\/al\/wp-json\/wp\/v2\/media?parent=29147"}],"curies":[{"name":"wp","href":"https:\/\/api.w.org\/{rel}","templated":true}]}}

<p>JEPET ME QIRA APARTAMENT 3+1 TEK REZIDENCA KODRA E DIELLIT<br />
Apartamenti ndodhet një nga zonat më të qeta për banim dhe me më shumë facilitetete te Kodra e Diellit (jo ne rezidence)<br />
Organizohet nga një sallon ndjenje plus kuzhinë, tre dhoma gjumi dhe dy banjo.<br />
Gjithashtu përbri apartamentit ka dhe një verandë prej 70 m2.<br />
Planemetri e rregullt dhe e qëndrueshme.<br />
Totalisht i mobiluar me një arredim bashkëkohor.<br />
E përshirë në çmim edhe një postparkim.</p>
<p>Siperfaqa:105m2<br />
Cmimi:950euro </p>
<p>Për një vizitë në pronë na kontaktoni!</p>
