{"id":29236,"date":"2024-10-28T13:29:16","date_gmt":"2024-10-28T12:29:16","guid":{"rendered":"https:\/\/www.perla.al\/?post_type=estate&#038;p=29236"},"modified":"2024-10-28T13:29:16","modified_gmt":"2024-10-28T12:29:16","slug":"shitet-apartament-11-ne-don-bosko","status":"publish","type":"estate","link":"https:\/\/www.perla.al\/al\/properties\/apartment\/tirane\/don-bosko\/shitet-apartament-11-ne-don-bosko\/","title":{"rendered":"Shitet apartament 1+1 n\u00eb Don Bosko"},"content":{"rendered":"<p>Shitet apartament 1+1 n\u00eb Don Bosko, Tiran\u00eb.<br \/>\nN\u00eb zem\u00ebr t\u00eb nj\u00eb prej lagjeve m\u00eb t\u00eb k\u00ebrkuara t\u00eb Tiran\u00ebs, Don Bosko, ky apartament 1+1 \u00ebsht\u00eb gati t&#8217;ju ofroj\u00eb komoditetin q\u00eb k\u00ebrkoni. Apartamenti \u00ebsht\u00eb i ri n\u00eb treg dhe ofron nj\u00eb mund\u00ebsi t\u00eb mire banimi ose investimi. Nd\u00ebrtuar n\u00eb n\u00ebntor t\u00eb vitit 2006 dhe ka nj\u00eb hap\u00ebsir\u00eb totale prej 80 m2 dhe neto prej 71,5 m2.<br \/>\nApartamenti p\u00ebrb\u00ebhet nga nje sallon, nj\u00eb dhom\u00eb gjumi dhe nj\u00eb tualet.<br \/>\nApartamenti ndodhet n\u00eb katin e pest\u00eb, ky apartament \u00ebsht\u00eb perfekt p\u00ebr ata q\u00eb k\u00ebrkojn\u00eb nj\u00eb vendbanim t\u00eb qet\u00eb.<br \/>\nCmimi 105.000 euro<br \/>\nMos hezitoni te na kontaktoni per nje vizite ne prone!<\/p>\n","protected":false},"author":15,"featured_media":29235,"template":"","class_list":["post-29236","estate","type-estate","status-publish","has-post-thumbnail","hentry","property-type-apartment","offer-type-for-sale","neighborhood-don-bosko","city-tirane","street-don-bosko","certificate-yes","klient-229-dhurata"],"translation":{"provider":"WPGlobus","version":"2.12.2","language":"al","enabled_languages":["en","al"],"languages":{"en":{"title":true,"content":true,"excerpt":false},"al":{"title":false,"content":false,"excerpt":false}}},"_links":{"self":[{"href":"https:\/\/www.perla.al\/al\/wp-json\/wp\/v2\/estate\/29236"}],"collection":[{"href":"https:\/\/www.perla.al\/al\/wp-json\/wp\/v2\/estate"}],"about":[{"href":"https:\/\/www.perla.al\/al\/wp-json\/wp\/v2\/types\/estate"}],"author":[{"embeddable":true,"href":"https:\/\/www.perla.al\/al\/wp-json\/wp\/v2\/users\/15"}],"wp:featuredmedia":[{"embeddable":true,"href":"https:\/\/www.perla.al\/al\/wp-json\/wp\/v2\/media\/29235"}],"wp:attachment":[{"href":"https:\/\/www.perla.al\/al\/wp-json\/wp\/v2\/media?parent=29236"}],"curies":[{"name":"wp","href":"https:\/\/api.w.org\/{rel}","templated":true}]}}

Shitet apartament 1+1 në Don Bosko

<p>Shitet apartament 1+1 në Don Bosko, Tiranë.<br />
Në zemër të një prej lagjeve më të kërkuara të Tiranës, Don Bosko, ky apartament 1+1 është gati t&#8217;ju ofrojë komoditetin që kërkoni. Apartamenti është i ri në treg dhe ofron një mundësi të mire banimi ose investimi. Ndërtuar në nëntor të vitit 2006 dhe ka një hapësirë totale prej 80 m2 dhe neto prej 71,5 m2.<br />
Apartamenti përbëhet nga nje sallon, një dhomë gjumi dhe një tualet.<br />
Apartamenti ndodhet në katin e pestë, ky apartament është perfekt për ata që kërkojnë një vendbanim të qetë.<br />
Cmimi 105.000 euro<br />
Mos hezitoni te na kontaktoni per nje vizite ne prone!</p>
