{"id":29391,"date":"2024-11-13T11:47:01","date_gmt":"2024-11-13T10:47:01","guid":{"rendered":"https:\/\/www.perla.al\/?post_type=estate&#038;p=29391"},"modified":"2024-11-13T11:47:01","modified_gmt":"2024-11-13T10:47:01","slug":"apartament-me-qira-211-ne-astir-kompleksi-river-residence","status":"publish","type":"estate","link":"https:\/\/www.perla.al\/al\/properties\/apartment\/tirane\/astir\/apartament-me-qira-211-ne-astir-kompleksi-river-residence\/","title":{"rendered":"Apartament me qira 2+1+1 ne Astir, Kompleksi RIVER RESIDENCE"},"content":{"rendered":"<p>Apartament me qira 2+1+1 ne Astir, Kompleksi RIVER RESIDENCE<br \/>\nNdodhet ne nje kompleks pallatesh te reja dhe te mireadministruar, pallat i ri me ashensor.<br \/>\nApartamenti ndodhet ne katin e 5-te dhe jepet i mobiluar si ne foto me te gjitha orendite e nevojshme. Organizohet ne nje ambient gatimi, 2 dhoma gjumi, nje ballkon dhe 1 tualet.<br \/>\nKa nje siperfaqe te konsiderueshme dhe shume drite natyrale, zona \u00ebsht\u00eb pjes\u00eb e nj\u00eb kompleksi t\u00eb sigurt dhe shum\u00eb t\u00eb qet\u00eb.<br \/>\nSiperfaqja 81 m2<br \/>\nCmimi 600 euro neto.<br \/>\nPer cdo detaj me kontaktoni!<\/p>\n","protected":false},"author":15,"featured_media":29390,"template":"","class_list":["post-29391","estate","type-estate","status-publish","has-post-thumbnail","hentry","property-type-apartment","offer-type-for-rent","neighborhood-astir","city-tirane","street-astir","certificate-yes","klient-240-dhurata"],"translation":{"provider":"WPGlobus","version":"2.12.2","language":"al","enabled_languages":["en","al"],"languages":{"en":{"title":true,"content":true,"excerpt":false},"al":{"title":false,"content":false,"excerpt":false}}},"_links":{"self":[{"href":"https:\/\/www.perla.al\/al\/wp-json\/wp\/v2\/estate\/29391"}],"collection":[{"href":"https:\/\/www.perla.al\/al\/wp-json\/wp\/v2\/estate"}],"about":[{"href":"https:\/\/www.perla.al\/al\/wp-json\/wp\/v2\/types\/estate"}],"author":[{"embeddable":true,"href":"https:\/\/www.perla.al\/al\/wp-json\/wp\/v2\/users\/15"}],"wp:featuredmedia":[{"embeddable":true,"href":"https:\/\/www.perla.al\/al\/wp-json\/wp\/v2\/media\/29390"}],"wp:attachment":[{"href":"https:\/\/www.perla.al\/al\/wp-json\/wp\/v2\/media?parent=29391"}],"curies":[{"name":"wp","href":"https:\/\/api.w.org\/{rel}","templated":true}]}}

<p>Apartament me qira 2+1+1 ne Astir, Kompleksi RIVER RESIDENCE<br />
Ndodhet ne nje kompleks pallatesh te reja dhe te mireadministruar, pallat i ri me ashensor.<br />
Apartamenti ndodhet ne katin e 5-te dhe jepet i mobiluar si ne foto me te gjitha orendite e nevojshme. Organizohet ne nje ambient gatimi, 2 dhoma gjumi, nje ballkon dhe 1 tualet.<br />
Ka nje siperfaqe te konsiderueshme dhe shume drite natyrale, zona është pjesë e një kompleksi të sigurt dhe shumë të qetë.<br />
Siperfaqja 81 m2<br />
Cmimi 600 euro neto.<br />
Per cdo detaj me kontaktoni!</p>
