{"id":29475,"date":"2024-11-20T09:02:26","date_gmt":"2024-11-20T08:02:26","guid":{"rendered":"https:\/\/www.perla.al\/?post_type=estate&#038;p=29475"},"modified":"2024-11-20T09:02:26","modified_gmt":"2024-11-20T08:02:26","slug":"jepet-dyqan-me-qira-prane-ministrise-se-jashtme","status":"publish","type":"estate","link":"https:\/\/www.perla.al\/al\/properties\/office\/tirane\/bulevardigjergjfishta\/jepet-dyqan-me-qira-prane-ministrise-se-jashtme\/","title":{"rendered":"Jepet dyqan me qira pran\u00eb Ministrise s\u00eb Jashtme"},"content":{"rendered":"<p>Jepet dyqan me qira pran\u00eb Ministrise s\u00eb Jashtme<br \/>\nDyqani ndodhet ne katin e pare t\u00eb nj\u00eb pallati  n\u00eb rrug\u00eb kryesore ,n\u00eb Unaze.<br \/>\nAmbienti \u00ebsht\u00eb i p\u00ebrshtatsh\u00ebm p\u00ebr biznese t\u00eb ndryshme.<br \/>\nKa planimetri perfekte dhe ndricim natyral gjat\u00eb dites , \u00ebsht\u00eb i pajisur me sistem q\u00ebndror kondicionimi dhe me instalimet t\u00eb gjitha funksionale . Esht\u00eb  i p\u00ebrshtatsh\u00ebm p\u00ebr cdo lloj biznesi si zyra, agjensi turistike,call center ,klinike, supermarket etj . I pozicionuar n\u00eb nj\u00eb zon\u00eb me l\u00ebvizshm\u00ebri t\u00eb lart\u00eb ky ambient \u00ebsht\u00eb nj\u00eb mund\u00ebsi e mir\u00eb investimi.<br \/>\nAmbienti lirohet n\u00eb dat\u00ebn 1 Janar 2025.<br \/>\nSip\u00ebrfaqja 224,7 m2.<br \/>\nCmimi i qiras\u00eb \u00ebsht\u00eb neto.<br \/>\nJu lutem na kontaktoni p\u00ebr nj\u00eb vizit\u00eb n\u00eb pron\u00eb!<\/p>\n","protected":false},"author":15,"featured_media":29474,"template":"","class_list":["post-29475","estate","type-estate","status-publish","has-post-thumbnail","hentry","property-type-office","offer-type-for-rent","neighborhood-bulevardigjergjfishta","city-tirane","street-bulevardi-gjergj-fishta","certificate-yes","klient-242-dhurata"],"translation":{"provider":"WPGlobus","version":"2.12.2","language":"al","enabled_languages":["en","al"],"languages":{"en":{"title":true,"content":true,"excerpt":false},"al":{"title":false,"content":false,"excerpt":false}}},"_links":{"self":[{"href":"https:\/\/www.perla.al\/al\/wp-json\/wp\/v2\/estate\/29475"}],"collection":[{"href":"https:\/\/www.perla.al\/al\/wp-json\/wp\/v2\/estate"}],"about":[{"href":"https:\/\/www.perla.al\/al\/wp-json\/wp\/v2\/types\/estate"}],"author":[{"embeddable":true,"href":"https:\/\/www.perla.al\/al\/wp-json\/wp\/v2\/users\/15"}],"wp:featuredmedia":[{"embeddable":true,"href":"https:\/\/www.perla.al\/al\/wp-json\/wp\/v2\/media\/29474"}],"wp:attachment":[{"href":"https:\/\/www.perla.al\/al\/wp-json\/wp\/v2\/media?parent=29475"}],"curies":[{"name":"wp","href":"https:\/\/api.w.org\/{rel}","templated":true}]}}

Jepet dyqan me qira pranë Ministrise së Jashtme

<p>Jepet dyqan me qira pranë Ministrise së Jashtme<br />
Dyqani ndodhet ne katin e pare të një pallati  në rrugë kryesore ,në Unaze.<br />
Ambienti është i përshtatshëm për biznese të ndryshme.<br />
Ka planimetri perfekte dhe ndricim natyral gjatë dites , është i pajisur me sistem qëndror kondicionimi dhe me instalimet të gjitha funksionale . Eshtë  i përshtatshëm për cdo lloj biznesi si zyra, agjensi turistike,call center ,klinike, supermarket etj . I pozicionuar në një zonë me lëvizshmëri të lartë ky ambient është një mundësi e mirë investimi.<br />
Ambienti lirohet në datën 1 Janar 2025.<br />
Sipërfaqja 224,7 m2.<br />
Cmimi i qirasë është neto.<br />
Ju lutem na kontaktoni për një vizitë në pronë!</p>
