{"id":29886,"date":"2024-12-17T10:43:22","date_gmt":"2024-12-17T09:43:22","guid":{"rendered":"https:\/\/www.perla.al\/?post_type=estate&#038;p=29886"},"modified":"2024-12-17T10:43:22","modified_gmt":"2024-12-17T09:43:22","slug":"japim-apartament-21-per-qira","status":"publish","type":"estate","link":"https:\/\/www.perla.al\/al\/properties\/apartment\/tirane\/21-dhjetori\/japim-apartament-21-per-qira\/","title":{"rendered":"JAPIM APARTAMENT 2+1 P\u00cbR QIRA"},"content":{"rendered":"<p>\ud83d\udccdVendndodhja: 21 Dhjetori, Kompleksi Kontakt<br \/>\n\ud83d\udcd0Tipi i nd\u00ebrtimit: Ndertim i ri, i mir\u00ebadministruar, me kushte komode p\u00ebr jetes\u00eb.<br \/>\n\ud83d\udcd0Sip\u00ebrfaqe: 99 m2<br \/>\n\ud83c\udfe0Mobilimi: Mobilim bashk\u00ebkohor, me detaje t\u00eb rafinuara dhe funksionale.<br \/>\n\ud83d\udd39Dhomat: Dy dhoma gjumi, sallon dhe kuzhin\u00eb, t\u00eb ndara n\u00eb m\u00ebnyr\u00eb funksionale.<br \/>\n\ud83d\udd39P\u00ebrshkrim shtes\u00eb: Parket i cil\u00ebsis\u00eb s\u00eb lart\u00eb dhe hap\u00ebsira t\u00eb ndri\u00e7uara natyrsh\u00ebm.<br \/>\n\ud83d\udd39Infrastruktura: Zona e kompleksit ofron t\u00eb gjitha facilitetet e nevojshme p\u00ebr nj\u00eb jetes\u00eb komode dhe t\u00eb sigurt.<br \/>\n\ud83d\udd38Sh\u00ebnim: Apartamenti lirohet me dat\u00eb 1 Janar.<br \/>\nP\u00ebr m\u00eb shum\u00eb detaje dhe informacione mbi mund\u00ebsit\u00eb p\u00ebr vizit\u00eb, kontaktoni:<\/p>\n","protected":false},"author":15,"featured_media":29873,"template":"","class_list":["post-29886","estate","type-estate","status-publish","has-post-thumbnail","hentry","property-type-apartment","offer-type-for-rent","neighborhood-21-dhjetori","city-tirane","street-21-dhjetori","klient-ervin"],"translation":{"provider":"WPGlobus","version":"2.12.2","language":"al","enabled_languages":["en","al"],"languages":{"en":{"title":true,"content":true,"excerpt":false},"al":{"title":false,"content":false,"excerpt":false}}},"_links":{"self":[{"href":"https:\/\/www.perla.al\/al\/wp-json\/wp\/v2\/estate\/29886"}],"collection":[{"href":"https:\/\/www.perla.al\/al\/wp-json\/wp\/v2\/estate"}],"about":[{"href":"https:\/\/www.perla.al\/al\/wp-json\/wp\/v2\/types\/estate"}],"author":[{"embeddable":true,"href":"https:\/\/www.perla.al\/al\/wp-json\/wp\/v2\/users\/15"}],"wp:featuredmedia":[{"embeddable":true,"href":"https:\/\/www.perla.al\/al\/wp-json\/wp\/v2\/media\/29873"}],"wp:attachment":[{"href":"https:\/\/www.perla.al\/al\/wp-json\/wp\/v2\/media?parent=29886"}],"curies":[{"name":"wp","href":"https:\/\/api.w.org\/{rel}","templated":true}]}}

JAPIM APARTAMENT 2+1 PËR QIRA

<p>📍Vendndodhja: 21 Dhjetori, Kompleksi Kontakt<br />
📐Tipi i ndërtimit: Ndertim i ri, i mirëadministruar, me kushte komode për jetesë.<br />
📐Sipërfaqe: 99 m2<br />
🏠Mobilimi: Mobilim bashkëkohor, me detaje të rafinuara dhe funksionale.<br />
🔹Dhomat: Dy dhoma gjumi, sallon dhe kuzhinë, të ndara në mënyrë funksionale.<br />
🔹Përshkrim shtesë: Parket i cilësisë së lartë dhe hapësira të ndriçuara natyrshëm.<br />
🔹Infrastruktura: Zona e kompleksit ofron të gjitha facilitetet e nevojshme për një jetesë komode dhe të sigurt.<br />
🔸Shënim: Apartamenti lirohet me datë 1 Janar.<br />
Për më shumë detaje dhe informacione mbi mundësitë për vizitë, kontaktoni:</p>
