{"id":30059,"date":"2024-12-27T16:43:19","date_gmt":"2024-12-27T15:43:19","guid":{"rendered":"https:\/\/www.perla.al\/?post_type=estate&#038;p=30059"},"modified":"2024-12-27T16:43:19","modified_gmt":"2024-12-27T15:43:19","slug":"jepet-me-qira-apartament-11-tek-golden-park-prane-spitalit-amerikan-3","status":"publish","type":"estate","link":"https:\/\/www.perla.al\/al\/properties\/apartment\/tirane\/tirana-golden-park-spitali-amerikan-iii\/jepet-me-qira-apartament-11-tek-golden-park-prane-spitalit-amerikan-3\/","title":{"rendered":"Jepet me qira apartament 1+1 tek Golden Park, pran\u00eb Spitalit Amerikan 3"},"content":{"rendered":"<p>Jepet me qira apartament 1+1 tek Golden Park ,pran\u00eb Spitalit Amerikan 3.<br \/>\nApartamenti ndodhet n\u00eb katin e pest\u00eb t\u00eb nj\u00eb pallati t\u00eb ri, \u00ebsht\u00eb totalisht i investuar duke filluar nga instalimet hidraulike dhe elektrike, me sistem kondicionimi, mobilim I ri dhe modern, me elektroshtepiake t\u00eb markave me t\u00eb njohura etj.<br \/>\nZona ku ndodhet apartamenti \u00ebsht\u00eb nj\u00eb zon\u00eb me akses shum\u00eb t\u00eb mir\u00eb.<br \/>\nApartamenti organizohet n\u00eb sallon+kuzhin\u00eb, n\u00eb nj\u00eb dhome gjumi, si dhe nj\u00eb tualet.<br \/>\nLirohet n\u00eb janar.<br \/>\nSip\u00ebrfaqja 65 m\u00b2<br \/>\n\u00c7mimi 450 euro\/muaji.<\/p>\n","protected":false},"author":15,"featured_media":30051,"template":"","class_list":["post-30059","estate","type-estate","status-publish","has-post-thumbnail","hentry","property-type-apartment","offer-type-for-rent","neighborhood-tirana-golden-park-spitali-amerikan-iii","city-tirane","klient-266-dhurata"],"translation":{"provider":"WPGlobus","version":"2.12.2","language":"al","enabled_languages":["en","al"],"languages":{"en":{"title":true,"content":true,"excerpt":false},"al":{"title":false,"content":false,"excerpt":false}}},"_links":{"self":[{"href":"https:\/\/www.perla.al\/al\/wp-json\/wp\/v2\/estate\/30059"}],"collection":[{"href":"https:\/\/www.perla.al\/al\/wp-json\/wp\/v2\/estate"}],"about":[{"href":"https:\/\/www.perla.al\/al\/wp-json\/wp\/v2\/types\/estate"}],"author":[{"embeddable":true,"href":"https:\/\/www.perla.al\/al\/wp-json\/wp\/v2\/users\/15"}],"wp:featuredmedia":[{"embeddable":true,"href":"https:\/\/www.perla.al\/al\/wp-json\/wp\/v2\/media\/30051"}],"wp:attachment":[{"href":"https:\/\/www.perla.al\/al\/wp-json\/wp\/v2\/media?parent=30059"}],"curies":[{"name":"wp","href":"https:\/\/api.w.org\/{rel}","templated":true}]}}

Jepet me qira apartament 1+1 tek Golden Park, pranë Spitalit Amerikan 3

<p>Jepet me qira apartament 1+1 tek Golden Park ,pranë Spitalit Amerikan 3.<br />
Apartamenti ndodhet në katin e pestë të një pallati të ri, është totalisht i investuar duke filluar nga instalimet hidraulike dhe elektrike, me sistem kondicionimi, mobilim I ri dhe modern, me elektroshtepiake të markave me të njohura etj.<br />
Zona ku ndodhet apartamenti është një zonë me akses shumë të mirë.<br />
Apartamenti organizohet në sallon+kuzhinë, në një dhome gjumi, si dhe një tualet.<br />
Lirohet në janar.<br />
Sipërfaqja 65 m²<br />
Çmimi 450 euro/muaji.</p>
