{"id":30567,"date":"2025-01-31T14:53:17","date_gmt":"2025-01-31T13:53:17","guid":{"rendered":"https:\/\/www.perla.al\/?post_type=estate&#038;p=30567"},"modified":"2025-01-31T14:53:17","modified_gmt":"2025-01-31T13:53:17","slug":"ofrohet-vile-per-shitje-farke","status":"publish","type":"estate","link":"https:\/\/www.perla.al\/al\/properties\/villa\/tirane\/farke\/ofrohet-vile-per-shitje-farke\/","title":{"rendered":"Ofrohet vile per shitje, Farke"},"content":{"rendered":"<p>N\u00eb nj\u00eb nga rezidencat m\u00eb t\u00eb reja n\u00eb Fark\u00eb, ofrohet vil\u00eb p\u00ebr shitje.<br \/>\nVendndodhja e kompleksit ofron akses t\u00eb drejtp\u00ebrdrejt\u00eb n\u00eb unaz\u00ebn kryesore t\u00eb Tiran\u00ebs, qendr\u00ebn tregtare TEG, pran\u00eb liqenit t\u00eb Fark\u00ebs dhe parqet natyrore t\u00eb rrethinave t\u00eb qytetit. Kjo zon\u00eb \u00ebsht\u00eb e preferuar dhe elitare, e karakterizuar nga komplekset e banimit me vila. Ndodhet vetem 5 km larg qendres se Tiranes. Rezidenca \u00ebsht\u00eb n\u00eb harmoni t\u00eb plot\u00eb me peizazhin e zon\u00ebs, larg zhurm\u00ebs s\u00eb qytetit, mes gjelb\u00ebrimit, ajrit t\u00eb past\u00ebr dhe qet\u00ebsis\u00eb.<br \/>\nVila organizohet nga : Kati -1 me nj\u00eb sip\u00ebrfaqe prej 66 m2: kati zero me nj\u00eb sip\u00ebrfaqe prej 66 m2 dhe 8 m2 verand\u00eb; kati +1 me nj\u00eb sip\u00ebrfaqe prej 76 m2, kati +2 me sip\u00ebrfaqe prej 67 m2 tarrac\u00eb e shfryt\u00ebzueshme.<\/p>\n<p>Sip e truallit- 306 m2<\/p>\n<p>Per nje vizite ne prone na kontaktoni<\/p>\n","protected":false},"author":15,"featured_media":30566,"template":"","class_list":["post-30567","estate","type-estate","status-publish","has-post-thumbnail","hentry","property-type-villa","offer-type-for-sale","neighborhood-farke","city-tirane","street-farke","certificate-in-process","klient-ervin"],"translation":{"provider":"WPGlobus","version":"2.12.2","language":"al","enabled_languages":["en","al"],"languages":{"en":{"title":true,"content":true,"excerpt":false},"al":{"title":false,"content":false,"excerpt":false}}},"_links":{"self":[{"href":"https:\/\/www.perla.al\/al\/wp-json\/wp\/v2\/estate\/30567"}],"collection":[{"href":"https:\/\/www.perla.al\/al\/wp-json\/wp\/v2\/estate"}],"about":[{"href":"https:\/\/www.perla.al\/al\/wp-json\/wp\/v2\/types\/estate"}],"author":[{"embeddable":true,"href":"https:\/\/www.perla.al\/al\/wp-json\/wp\/v2\/users\/15"}],"wp:featuredmedia":[{"embeddable":true,"href":"https:\/\/www.perla.al\/al\/wp-json\/wp\/v2\/media\/30566"}],"wp:attachment":[{"href":"https:\/\/www.perla.al\/al\/wp-json\/wp\/v2\/media?parent=30567"}],"curies":[{"name":"wp","href":"https:\/\/api.w.org\/{rel}","templated":true}]}}

<p>Në një nga rezidencat më të reja në Farkë, ofrohet vilë për shitje.<br />
Vendndodhja e kompleksit ofron akses të drejtpërdrejtë në unazën kryesore të Tiranës, qendrën tregtare TEG, pranë liqenit të Farkës dhe parqet natyrore të rrethinave të qytetit. Kjo zonë është e preferuar dhe elitare, e karakterizuar nga komplekset e banimit me vila. Ndodhet vetem 5 km larg qendres se Tiranes. Rezidenca është në harmoni të plotë me peizazhin e zonës, larg zhurmës së qytetit, mes gjelbërimit, ajrit të pastër dhe qetësisë.<br />
Vila organizohet nga : Kati -1 me një sipërfaqe prej 66 m2: kati zero me një sipërfaqe prej 66 m2 dhe 8 m2 verandë; kati +1 me një sipërfaqe prej 76 m2, kati +2 me sipërfaqe prej 67 m2 tarracë e shfrytëzueshme.</p>
<p>Sip e truallit- 306 m2</p>
<p>Per nje vizite ne prone na kontaktoni</p>
