{"id":30587,"date":"2025-02-06T15:30:01","date_gmt":"2025-02-06T14:30:01","guid":{"rendered":"https:\/\/www.perla.al\/?post_type=estate&#038;p=30587"},"modified":"2025-02-06T15:30:01","modified_gmt":"2025-02-06T14:30:01","slug":"jepet-me-qira-shtepi-private-teg-700-e","status":"publish","type":"estate","link":"https:\/\/www.perla.al\/al\/properties\/apartment\/tirane\/kodra-e-diellit\/jepet-me-qira-shtepi-private-teg-700-e\/","title":{"rendered":"Jepet me qira shtepi private , Teg 700 \u20ac"},"content":{"rendered":"<p>Jepet me qira sht\u00ebpi private (nj\u00eb kat\u00ebshe), pran\u00eb Teg-ut<\/p>\n<p>Pjes\u00eb e nj\u00eb kompleksi rezidencial, me siguri t\u00eb lart\u00eb dhe qet\u00ebsi ofrojm\u00eb p\u00ebr qira, sht\u00ebpi private plus oborr.<br \/>\nHap\u00ebsira e jashtme e sht\u00ebpis\u00eb ofron mund\u00ebsin\u00eb e nj\u00eb post parkimi.<br \/>\nNd\u00ebrtim i ri, dhe totalisht i investuar (tualeti incaso, dritaret triplex, parket ac5 druri)<br \/>\nOfrohet e mobiluar<br \/>\nOrganizohet nga nj\u00eb korridor q\u00eb shp\u00ebrndan : dhom\u00eb ndjenje dhe kuzhin\u00eb, dy dhoma gjumi dhe banjo.<\/p>\n<p>P\u00ebr nj\u00eb vizit\u00eb n\u00eb pron\u00eb na kontaktoni!<\/p>\n","protected":false},"author":15,"featured_media":30585,"template":"","class_list":["post-30587","estate","type-estate","status-publish","has-post-thumbnail","hentry","property-type-apartment","offer-type-for-rent","neighborhood-kodra-e-diellit","city-tirane","certificate-yes","klient-teg"],"translation":{"provider":"WPGlobus","version":"2.12.2","language":"al","enabled_languages":["en","al"],"languages":{"en":{"title":true,"content":true,"excerpt":false},"al":{"title":false,"content":false,"excerpt":false}}},"_links":{"self":[{"href":"https:\/\/www.perla.al\/al\/wp-json\/wp\/v2\/estate\/30587"}],"collection":[{"href":"https:\/\/www.perla.al\/al\/wp-json\/wp\/v2\/estate"}],"about":[{"href":"https:\/\/www.perla.al\/al\/wp-json\/wp\/v2\/types\/estate"}],"author":[{"embeddable":true,"href":"https:\/\/www.perla.al\/al\/wp-json\/wp\/v2\/users\/15"}],"wp:featuredmedia":[{"embeddable":true,"href":"https:\/\/www.perla.al\/al\/wp-json\/wp\/v2\/media\/30585"}],"wp:attachment":[{"href":"https:\/\/www.perla.al\/al\/wp-json\/wp\/v2\/media?parent=30587"}],"curies":[{"name":"wp","href":"https:\/\/api.w.org\/{rel}","templated":true}]}}

<p>Jepet me qira shtëpi private (një katëshe), pranë Teg-ut</p>
<p>Pjesë e një kompleksi rezidencial, me siguri të lartë dhe qetësi ofrojmë për qira, shtëpi private plus oborr.<br />
Hapësira e jashtme e shtëpisë ofron mundësinë e një post parkimi.<br />
Ndërtim i ri, dhe totalisht i investuar (tualeti incaso, dritaret triplex, parket ac5 druri)<br />
Ofrohet e mobiluar<br />
Organizohet nga një korridor që shpërndan : dhomë ndjenje dhe kuzhinë, dy dhoma gjumi dhe banjo.</p>
<p>Për një vizitë në pronë na kontaktoni!</p>
