{"id":30712,"date":"2025-02-17T11:42:04","date_gmt":"2025-02-17T10:42:04","guid":{"rendered":"https:\/\/www.perla.al\/?post_type=estate&#038;p=30712"},"modified":"2025-02-17T11:42:04","modified_gmt":"2025-02-17T10:42:04","slug":"dupleks-per-shitje-teg","status":"publish","type":"estate","link":"https:\/\/www.perla.al\/al\/properties\/duplex\/tirane\/teg\/dupleks-per-shitje-teg\/","title":{"rendered":"Dupleks per shitje, Teg"},"content":{"rendered":"<p>Ky duplex n\u00eb Teg ofron gjith\u00e7ka q\u00eb ju duhet p\u00ebr nj\u00eb jetes\u00eb t\u00eb rehatshme dhe luksoze, me nj\u00eb hap\u00ebsir\u00eb t\u00eb bollshme dhe facilitetet m\u00eb t\u00eb mira p\u00ebr nj\u00eb jetes\u00eb komode!<\/p>\n<p>\ud83d\udccd Vendndodhja: Teg, Tiran\u00eb<br \/>\n\ud83d\udcd0 Sip\u00ebrfaqe totale: 172.9 m\u00b2<br \/>\n\ud83d\udecf Dhoma gjumi: 3<br \/>\n\ud83d\udec1 Tualete: 3<\/p>\n<p>Ky duplex \u00ebsht\u00eb dizajnuar me kujdes p\u00ebr t\u00eb ofruar rehati dhe funksionalitet. I mobiluar dhe i kompletuar me gjith\u00e7ka q\u00eb ju nevojitet. Nj\u00eb mund\u00ebsi ideale p\u00ebr ata q\u00eb k\u00ebrkojn\u00eb cil\u00ebsi dhe prakticitet.<\/p>\n","protected":false},"author":15,"featured_media":30707,"template":"","class_list":["post-30712","estate","type-estate","status-publish","has-post-thumbnail","hentry","property-type-duplex","offer-type-for-sale","neighborhood-teg","city-tirane","street-teg-shqiperi","certificate-in-process","klient-ervin"],"translation":{"provider":"WPGlobus","version":"2.12.2","language":"al","enabled_languages":["en","al"],"languages":{"en":{"title":true,"content":true,"excerpt":false},"al":{"title":false,"content":false,"excerpt":false}}},"_links":{"self":[{"href":"https:\/\/www.perla.al\/al\/wp-json\/wp\/v2\/estate\/30712"}],"collection":[{"href":"https:\/\/www.perla.al\/al\/wp-json\/wp\/v2\/estate"}],"about":[{"href":"https:\/\/www.perla.al\/al\/wp-json\/wp\/v2\/types\/estate"}],"author":[{"embeddable":true,"href":"https:\/\/www.perla.al\/al\/wp-json\/wp\/v2\/users\/15"}],"wp:featuredmedia":[{"embeddable":true,"href":"https:\/\/www.perla.al\/al\/wp-json\/wp\/v2\/media\/30707"}],"wp:attachment":[{"href":"https:\/\/www.perla.al\/al\/wp-json\/wp\/v2\/media?parent=30712"}],"curies":[{"name":"wp","href":"https:\/\/api.w.org\/{rel}","templated":true}]}}

<p>Ky duplex në Teg ofron gjithçka që ju duhet për një jetesë të rehatshme dhe luksoze, me një hapësirë të bollshme dhe facilitetet më të mira për një jetesë komode!</p>
<p>📍 Vendndodhja: Teg, Tiranë<br />
📐 Sipërfaqe totale: 172.9 m²<br />
🛏 Dhoma gjumi: 3<br />
🛁 Tualete: 3</p>
<p>Ky duplex është dizajnuar me kujdes për të ofruar rehati dhe funksionalitet. I mobiluar dhe i kompletuar me gjithçka që ju nevojitet. Një mundësi ideale për ata që kërkojnë cilësi dhe prakticitet.</p>
