{"id":30716,"date":"2025-02-18T09:00:21","date_gmt":"2025-02-18T08:00:21","guid":{"rendered":"https:\/\/www.perla.al\/?post_type=estate&#038;p=30716"},"modified":"2025-02-18T09:00:21","modified_gmt":"2025-02-18T08:00:21","slug":"shite-apartament-11-kompleksi-aura","status":"publish","type":"estate","link":"https:\/\/www.perla.al\/al\/properties\/apartment\/tirane\/kompleksi-aura-laprake\/shite-apartament-11-kompleksi-aura\/","title":{"rendered":"Shite apartament (1+1) Kompleksi Aura"},"content":{"rendered":"<p>Apartament n\u00eb katin e pest\u00eb n\u00eb Laprak\u00eb, Tiran\u00eb, i disponuesh\u00ebm p\u00ebr shitje.<br \/>\nSip\u00ebrfaqe neto: 61.6 m\u00b2<br \/>\nSip\u00ebrfaqe verande: 11.7 m\u00b2<br \/>\nSip totale -73.3 m2<\/p>\n<p>Orientim Veri.<br \/>\nOrganizuar ne: Sallon+kuzhine, 1 Dhom\u00eb gjumi, 1 tualet dhe ballkon.<br \/>\nApartament \u00ebshte projektuar t\u00eb ket\u00eb organizim optimal t\u00eb hap\u00ebsirave p\u00ebr t\u00eb plot\u00ebsuar nevojat e t\u00eb gjith\u00eb familjes.<br \/>\nNdertim i ri<br \/>\nPunime cilesore<\/p>\n<p>I banueshem ne maj.<br \/>\nPer nje vizite ne prone me kontaktoni <\/p>\n","protected":false},"author":15,"featured_media":30715,"template":"","class_list":["post-30716","estate","type-estate","status-publish","has-post-thumbnail","hentry","property-type-apartment","offer-type-for-sale","neighborhood-kompleksi-aura-laprake","city-tirane","street-tirane","certificate-in-process","klient-ervin"],"translation":{"provider":"WPGlobus","version":"2.12.2","language":"al","enabled_languages":["en","al"],"languages":{"en":{"title":true,"content":true,"excerpt":false},"al":{"title":false,"content":false,"excerpt":false}}},"_links":{"self":[{"href":"https:\/\/www.perla.al\/al\/wp-json\/wp\/v2\/estate\/30716"}],"collection":[{"href":"https:\/\/www.perla.al\/al\/wp-json\/wp\/v2\/estate"}],"about":[{"href":"https:\/\/www.perla.al\/al\/wp-json\/wp\/v2\/types\/estate"}],"author":[{"embeddable":true,"href":"https:\/\/www.perla.al\/al\/wp-json\/wp\/v2\/users\/15"}],"wp:featuredmedia":[{"embeddable":true,"href":"https:\/\/www.perla.al\/al\/wp-json\/wp\/v2\/media\/30715"}],"wp:attachment":[{"href":"https:\/\/www.perla.al\/al\/wp-json\/wp\/v2\/media?parent=30716"}],"curies":[{"name":"wp","href":"https:\/\/api.w.org\/{rel}","templated":true}]}}

<p>Apartament në katin e pestë në Laprakë, Tiranë, i disponueshëm për shitje.<br />
Sipërfaqe neto: 61.6 m²<br />
Sipërfaqe verande: 11.7 m²<br />
Sip totale -73.3 m2</p>
<p>Orientim Veri.<br />
Organizuar ne: Sallon+kuzhine, 1 Dhomë gjumi, 1 tualet dhe ballkon.<br />
Apartament ështe projektuar të ketë organizim optimal të hapësirave për të plotësuar nevojat e të gjithë familjes.<br />
Ndertim i ri<br />
Punime cilesore</p>
<p>I banueshem ne maj.<br />
Per nje vizite ne prone me kontaktoni </p>
