{"id":30719,"date":"2025-02-18T09:00:22","date_gmt":"2025-02-18T08:00:22","guid":{"rendered":"https:\/\/www.perla.al\/?post_type=estate&#038;p=30719"},"modified":"2025-03-05T12:38:28","modified_gmt":"2025-03-05T11:38:28","slug":"shitet-apartament-21-me-verande-plus-postparkim","status":"publish","type":"estate","link":"https:\/\/www.perla.al\/al\/properties\/apartment\/tirane\/univers-city\/shitet-apartament-21-me-verande-plus-postparkim\/","title":{"rendered":"Shitet apartament (2+1) me verande, plus postparkim"},"content":{"rendered":"<p>Univers City \u00ebsht\u00eb konceptuar mbi nj\u00eb ide Krijimi i nj\u00eb vendi relaksi brenda nj\u00eb metropoli t\u00eb zhurmsh\u00ebm. P\u00ebr t\u00eb jetuar jet\u00ebn n\u00eb maksimum dhe pa shp\u00ebrq\u00ebndrime.<br \/>\nNe k\u00ebt\u00eb kompleks ofrojme per shitje me nje super cmim okazion apartament (2+1+2) me verand\u00eb plus postparkimi<\/p>\n<p>Organziohet nga nje ambient ndjenje spacioze, dy dhoma gjumi dhe nje banjo. Secila nga ambientet nga dalje ne verand\u00eb.<br \/>\nSip neto- 73 m2<br \/>\nSip totale 83.5 m2<br \/>\nSip verande-48.39 m2<\/p>\n<p>Kat i par\u00eb.<br \/>\nI perfshire ne \u00e7mim dhe nje postparkim n\u00eb -1.<br \/>\n.<br \/>\nPlanimetri e rregullt,<br \/>\nGati per banim.<br \/>\nPer nje vizite ne prone na kontaktoni!<\/p>\n","protected":false},"author":87,"featured_media":30718,"template":"","class_list":["post-30719","estate","type-estate","status-publish","has-post-thumbnail","hentry","property-type-apartment","offer-type-for-sale","neighborhood-univers-city","city-tirane","street-univers-city-qtu-autostrada-tirane-durres-shqiperi","certificate-yes","klient-alban"],"translation":{"provider":"WPGlobus","version":"2.12.2","language":"al","enabled_languages":["en","al"],"languages":{"en":{"title":true,"content":true,"excerpt":false},"al":{"title":false,"content":false,"excerpt":false}}},"_links":{"self":[{"href":"https:\/\/www.perla.al\/al\/wp-json\/wp\/v2\/estate\/30719"}],"collection":[{"href":"https:\/\/www.perla.al\/al\/wp-json\/wp\/v2\/estate"}],"about":[{"href":"https:\/\/www.perla.al\/al\/wp-json\/wp\/v2\/types\/estate"}],"author":[{"embeddable":true,"href":"https:\/\/www.perla.al\/al\/wp-json\/wp\/v2\/users\/87"}],"wp:featuredmedia":[{"embeddable":true,"href":"https:\/\/www.perla.al\/al\/wp-json\/wp\/v2\/media\/30718"}],"wp:attachment":[{"href":"https:\/\/www.perla.al\/al\/wp-json\/wp\/v2\/media?parent=30719"}],"curies":[{"name":"wp","href":"https:\/\/api.w.org\/{rel}","templated":true}]}}

<p>Univers City është konceptuar mbi një ide Krijimi i një vendi relaksi brenda një metropoli të zhurmshëm. Për të jetuar jetën në maksimum dhe pa shpërqëndrime.<br />
Ne këtë kompleks ofrojme per shitje me nje super cmim okazion apartament (2+1+2) me verandë plus postparkimi</p>
<p>Organziohet nga nje ambient ndjenje spacioze, dy dhoma gjumi dhe nje banjo. Secila nga ambientet nga dalje ne verandë.<br />
Sip neto- 73 m2<br />
Sip totale 83.5 m2<br />
Sip verande-48.39 m2</p>
<p>Kat i parë.<br />
I perfshire ne çmim dhe nje postparkim në -1.<br />
.<br />
Planimetri e rregullt,<br />
Gati per banim.<br />
Per nje vizite ne prone na kontaktoni!</p>
