{"id":30744,"date":"2025-02-19T09:55:35","date_gmt":"2025-02-19T08:55:35","guid":{"rendered":"https:\/\/www.perla.al\/?post_type=estate&#038;p=30744"},"modified":"2025-02-20T10:31:11","modified_gmt":"2025-02-20T09:31:11","slug":"apartament-31-plus-postarkimi-ne-kompleksi-green-city-unaza-e-re","status":"publish","type":"estate","link":"https:\/\/www.perla.al\/al\/properties\/apartment\/tirane\/ish-fusha-aviacionit\/apartament-31-plus-postarkimi-ne-kompleksi-green-city-unaza-e-re\/","title":{"rendered":"Apartament 3+1 plus postarkimi, n\u00eb Kompleksi Green City, Unaza e Re"},"content":{"rendered":"<p>Apartament 3+1 plus postarkimi, n\u00eb Kompleksi Green City, Unaza e Re \ud83c\udfd9\ufe0f<\/p>\n<p>260 000 Euro<\/p>\n<p>\ud83d\udd11 Detajet kryesore:<\/p>\n<p>Siperfaqe bruto: 140 m\u00b2<br \/>\nSiperfaqe neto: 129 m\u00b2<br \/>\nOrientimi: Jug-Lindje<br \/>\nViti i nd\u00ebrtimit: 2018<br \/>\n\ud83d\udecb\ufe0f Organizimi i Apartamentit:<\/p>\n<p>Korridor shp\u00ebrndar\u00ebs<br \/>\nDhom\u00eb ndenje<br \/>\nAmbient gatimi<br \/>\n3 dhoma gjumi<br \/>\n2 tualete<br \/>\nBallkon<br \/>\n\ud83c\udf1f Karakteristikat:<\/p>\n<p>Mobilim cil\u00ebsor dhe investime ekstra n\u00eb apartament<br \/>\nNj\u00eb post parkimi i p\u00ebrfshir\u00eb n\u00eb \u00e7mim<br \/>\n\ud83d\udcde P\u00ebr informacion m\u00eb shum\u00eb ose p\u00ebr nj\u00eb vizit\u00eb n\u00eb pron\u00eb, na kontaktoni!<\/p>\n","protected":false},"author":15,"featured_media":30732,"template":"","class_list":["post-30744","estate","type-estate","status-publish","has-post-thumbnail","hentry","property-type-apartment","offer-type-for-sale","neighborhood-ish-fusha-aviacionit","city-tirane","street-ish-fusha-aviacionit","certificate-yes","klient-ervin"],"translation":{"provider":"WPGlobus","version":"2.12.2","language":"al","enabled_languages":["en","al"],"languages":{"en":{"title":true,"content":true,"excerpt":false},"al":{"title":false,"content":false,"excerpt":false}}},"_links":{"self":[{"href":"https:\/\/www.perla.al\/al\/wp-json\/wp\/v2\/estate\/30744"}],"collection":[{"href":"https:\/\/www.perla.al\/al\/wp-json\/wp\/v2\/estate"}],"about":[{"href":"https:\/\/www.perla.al\/al\/wp-json\/wp\/v2\/types\/estate"}],"author":[{"embeddable":true,"href":"https:\/\/www.perla.al\/al\/wp-json\/wp\/v2\/users\/15"}],"wp:featuredmedia":[{"embeddable":true,"href":"https:\/\/www.perla.al\/al\/wp-json\/wp\/v2\/media\/30732"}],"wp:attachment":[{"href":"https:\/\/www.perla.al\/al\/wp-json\/wp\/v2\/media?parent=30744"}],"curies":[{"name":"wp","href":"https:\/\/api.w.org\/{rel}","templated":true}]}}

Apartament 3+1 plus postarkimi, në Kompleksi Green City, Unaza e Re

<p>Apartament 3+1 plus postarkimi, në Kompleksi Green City, Unaza e Re 🏙️</p>
<p>260 000 Euro</p>
<p>🔑 Detajet kryesore:</p>
<p>Siperfaqe bruto: 140 m²<br />
Siperfaqe neto: 129 m²<br />
Orientimi: Jug-Lindje<br />
Viti i ndërtimit: 2018<br />
🛋️ Organizimi i Apartamentit:</p>
<p>Korridor shpërndarës<br />
Dhomë ndenje<br />
Ambient gatimi<br />
3 dhoma gjumi<br />
2 tualete<br />
Ballkon<br />
🌟 Karakteristikat:</p>
<p>Mobilim cilësor dhe investime ekstra në apartament<br />
Një post parkimi i përfshirë në çmim<br />
📞 Për informacion më shumë ose për një vizitë në pronë, na kontaktoni!</p>
