{"id":30788,"date":"2025-02-24T10:42:53","date_gmt":"2025-02-24T09:42:53","guid":{"rendered":"https:\/\/www.perla.al\/?post_type=estate&#038;p=30788"},"modified":"2025-02-24T10:42:53","modified_gmt":"2025-02-24T09:42:53","slug":"shitet-apartament-i-tipologjise-11-te-kompleksi-univers-city","status":"publish","type":"estate","link":"https:\/\/www.perla.al\/al\/properties\/apartment\/tirane\/univers-city\/shitet-apartament-i-tipologjise-11-te-kompleksi-univers-city\/","title":{"rendered":"Shitet apartament i tipologjise 1+1 te kompleksi UNIVERS CITY."},"content":{"rendered":"<p>Shitet apartament i tipologjise 1+1 te kompleksi UNIVERS CITY.<\/p>\n<p>Siperfaqe bruto 63.5 m2<br \/>\nSiperfaqe neto 54 m2<\/p>\n<p>Nr. i dhomave: sallon &amp; kuzhine, 1 dhome gjumi, 1 tualete, korridor dhe ballkon<\/p>\n<p>Kompleksi ofron nd\u00ebrtim cil\u00ebsor, infrastruktur\u00eb, fasad\u00eb t\u00eb jashtme me sistem kapot, izolim akustik, tarraca me termoizolim, sistem t\u00eb testuar me struktura antisizmike, penges\u00eb fizike ndaj zhurm\u00ebs, rifinitura cilesore etj<\/p>\n<p>Per me shume informacion ose nje vizite ne prone ju na kontaktoni.<\/p>\n","protected":false},"author":15,"featured_media":30785,"template":"","class_list":["post-30788","estate","type-estate","status-publish","has-post-thumbnail","hentry","property-type-apartment","offer-type-for-sale","neighborhood-univers-city","city-tirane","street-univers-city-qtu-autostrada-tirane-durres-shqiperi","certificate-no","klient-ervin"],"translation":{"provider":"WPGlobus","version":"2.12.2","language":"al","enabled_languages":["en","al"],"languages":{"en":{"title":true,"content":true,"excerpt":false},"al":{"title":false,"content":false,"excerpt":false}}},"_links":{"self":[{"href":"https:\/\/www.perla.al\/al\/wp-json\/wp\/v2\/estate\/30788"}],"collection":[{"href":"https:\/\/www.perla.al\/al\/wp-json\/wp\/v2\/estate"}],"about":[{"href":"https:\/\/www.perla.al\/al\/wp-json\/wp\/v2\/types\/estate"}],"author":[{"embeddable":true,"href":"https:\/\/www.perla.al\/al\/wp-json\/wp\/v2\/users\/15"}],"wp:featuredmedia":[{"embeddable":true,"href":"https:\/\/www.perla.al\/al\/wp-json\/wp\/v2\/media\/30785"}],"wp:attachment":[{"href":"https:\/\/www.perla.al\/al\/wp-json\/wp\/v2\/media?parent=30788"}],"curies":[{"name":"wp","href":"https:\/\/api.w.org\/{rel}","templated":true}]}}

<p>Shitet apartament i tipologjise 1+1 te kompleksi UNIVERS CITY.</p>
<p>Siperfaqe bruto 63.5 m2<br />
Siperfaqe neto 54 m2</p>
<p>Nr. i dhomave: sallon &amp; kuzhine, 1 dhome gjumi, 1 tualete, korridor dhe ballkon</p>
<p>Kompleksi ofron ndërtim cilësor, infrastrukturë, fasadë të jashtme me sistem kapot, izolim akustik, tarraca me termoizolim, sistem të testuar me struktura antisizmike, pengesë fizike ndaj zhurmës, rifinitura cilesore etj</p>
<p>Per me shume informacion ose nje vizite ne prone ju na kontaktoni.</p>
