{"id":30799,"date":"2025-02-24T10:41:59","date_gmt":"2025-02-24T09:41:59","guid":{"rendered":"https:\/\/www.perla.al\/?post_type=estate&#038;p=30799"},"modified":"2025-02-24T10:41:59","modified_gmt":"2025-02-24T09:41:59","slug":"apartament-212-per-shitje-me-vendodhje-ne-don-bosko-te-rruga-egnatia","status":"publish","type":"estate","link":"https:\/\/www.perla.al\/al\/properties\/apartment\/tirane\/don-bosko\/apartament-212-per-shitje-me-vendodhje-ne-don-bosko-te-rruga-egnatia\/","title":{"rendered":"Apartament 2+1+2 p\u00ebr shitje me vendodhje n\u00eb Don Bosko, te Rruga Egnatia."},"content":{"rendered":"<p>Disponojm\u00eb Apartament 2+1+2 p\u00ebr shitje me vendodhje n\u00eb Don Bosko, te Rruga Egnatia.<\/p>\n<p>Informacioni mbi apartamentin:<br \/>\nKati i 3 banim<br \/>\nSip\u00ebrfaqe apartamentit (Neto): 83.6 M2<br \/>\nSip\u00ebrfaqe apartamentit (Bruto): 94.5 M2<\/p>\n<p>Organizimi i apartamentit:<br \/>\nAmbient ndenjie<br \/>\nAmbient gatimi<br \/>\n2 Dhoma gjumi<br \/>\n2 Tualete<br \/>\n1 Ballkon<\/p>\n<p>Detaje t\u00eb tjera:<br \/>\nKubatur\u00eb e rregullt.<br \/>\nNdri\u00e7im natyral n\u00eb \u00e7do ambient<br \/>\nShitet i mobiluar si ne foto.<br \/>\nPallat i 2022 me dy ashensor.<br \/>\nDisponon dokumentacion te rregullt hipotekor.<br \/>\nPer me shume info me kontaktoni!<\/p>\n","protected":false},"author":15,"featured_media":30798,"template":"","class_list":["post-30799","estate","type-estate","status-publish","has-post-thumbnail","hentry","property-type-apartment","offer-type-for-sale","neighborhood-don-bosko","city-tirane","street-don-bosko","certificate-yes","klient-ervin"],"translation":{"provider":"WPGlobus","version":"2.12.2","language":"al","enabled_languages":["en","al"],"languages":{"en":{"title":true,"content":true,"excerpt":false},"al":{"title":false,"content":false,"excerpt":false}}},"_links":{"self":[{"href":"https:\/\/www.perla.al\/al\/wp-json\/wp\/v2\/estate\/30799"}],"collection":[{"href":"https:\/\/www.perla.al\/al\/wp-json\/wp\/v2\/estate"}],"about":[{"href":"https:\/\/www.perla.al\/al\/wp-json\/wp\/v2\/types\/estate"}],"author":[{"embeddable":true,"href":"https:\/\/www.perla.al\/al\/wp-json\/wp\/v2\/users\/15"}],"wp:featuredmedia":[{"embeddable":true,"href":"https:\/\/www.perla.al\/al\/wp-json\/wp\/v2\/media\/30798"}],"wp:attachment":[{"href":"https:\/\/www.perla.al\/al\/wp-json\/wp\/v2\/media?parent=30799"}],"curies":[{"name":"wp","href":"https:\/\/api.w.org\/{rel}","templated":true}]}}

Apartament 2+1+2 për shitje me vendodhje në Don Bosko, te Rruga Egnatia.

<p>Disponojmë Apartament 2+1+2 për shitje me vendodhje në Don Bosko, te Rruga Egnatia.</p>
<p>Informacioni mbi apartamentin:<br />
Kati i 3 banim<br />
Sipërfaqe apartamentit (Neto): 83.6 M2<br />
Sipërfaqe apartamentit (Bruto): 94.5 M2</p>
<p>Organizimi i apartamentit:<br />
Ambient ndenjie<br />
Ambient gatimi<br />
2 Dhoma gjumi<br />
2 Tualete<br />
1 Ballkon</p>
<p>Detaje të tjera:<br />
Kubaturë e rregullt.<br />
Ndriçim natyral në çdo ambient<br />
Shitet i mobiluar si ne foto.<br />
Pallat i 2022 me dy ashensor.<br />
Disponon dokumentacion te rregullt hipotekor.<br />
Per me shume info me kontaktoni!</p>
