{"id":30814,"date":"2025-02-24T11:20:39","date_gmt":"2025-02-24T10:20:39","guid":{"rendered":"https:\/\/www.perla.al\/?post_type=estate&#038;p=30814"},"modified":"2025-02-24T11:20:39","modified_gmt":"2025-02-24T10:20:39","slug":"apartament-212-plus-postparkimi-yzberisht","status":"publish","type":"estate","link":"https:\/\/www.perla.al\/al\/properties\/apartment\/tirane\/prane-nela-6\/apartament-212-plus-postparkimi-yzberisht\/","title":{"rendered":"Apartament (2+1+2) plus postparkimi, Yzberisht"},"content":{"rendered":"<p>Apartamenti ndodhet n\u00eb katin e 6 (Ndertim i ri)<br \/>\n\u25ab\ufe0fI mobiluar totalisht<br \/>\n\ud83d\udcccRruga Panajot Pano Bulevardi Migjeni, Yzberisht<\/p>\n<p>\ud83d\udcccOrganizuar:<\/p>\n<p>\ud83d\udd381 sallon ndenje<br \/>\n\ud83d\udd382 dhoma gjumi<br \/>\n\ud83d\udd381 ambjent gatimi<br \/>\n\ud83d\udd381 ballkon<br \/>\n\ud83d\udd381 tualet<br \/>\nPlus postparkim n\u00eb \u00e7mim<\/p>\n<p>Lirohet ne mars<\/p>\n<p>600 Euro\/muaj<br \/>\nP\u00ebr nj\u00eb vizit\u00eb n\u00eb pron\u00eb na kontaktoni!<\/p>\n","protected":false},"author":15,"featured_media":30807,"template":"","class_list":["post-30814","estate","type-estate","status-publish","has-post-thumbnail","hentry","property-type-apartment","offer-type-for-rent","neighborhood-prane-nela-6","city-tirane","street-rruga-3-deshmoret-yzberisht","certificate-yes","klient-redi"],"translation":{"provider":"WPGlobus","version":"2.12.2","language":"al","enabled_languages":["en","al"],"languages":{"en":{"title":true,"content":true,"excerpt":false},"al":{"title":false,"content":false,"excerpt":false}}},"_links":{"self":[{"href":"https:\/\/www.perla.al\/al\/wp-json\/wp\/v2\/estate\/30814"}],"collection":[{"href":"https:\/\/www.perla.al\/al\/wp-json\/wp\/v2\/estate"}],"about":[{"href":"https:\/\/www.perla.al\/al\/wp-json\/wp\/v2\/types\/estate"}],"author":[{"embeddable":true,"href":"https:\/\/www.perla.al\/al\/wp-json\/wp\/v2\/users\/15"}],"wp:featuredmedia":[{"embeddable":true,"href":"https:\/\/www.perla.al\/al\/wp-json\/wp\/v2\/media\/30807"}],"wp:attachment":[{"href":"https:\/\/www.perla.al\/al\/wp-json\/wp\/v2\/media?parent=30814"}],"curies":[{"name":"wp","href":"https:\/\/api.w.org\/{rel}","templated":true}]}}

<p>Apartamenti ndodhet në katin e 6 (Ndertim i ri)<br />
▫️I mobiluar totalisht<br />
📌Rruga Panajot Pano Bulevardi Migjeni, Yzberisht</p>
<p>📌Organizuar:</p>
<p>🔸1 sallon ndenje<br />
🔸2 dhoma gjumi<br />
🔸1 ambjent gatimi<br />
🔸1 ballkon<br />
🔸1 tualet<br />
Plus postparkim në çmim</p>
<p>Lirohet ne mars</p>
<p>600 Euro/muaj<br />
Për një vizitë në pronë na kontaktoni!</p>
