{"id":30893,"date":"2025-03-03T14:19:33","date_gmt":"2025-03-03T13:19:33","guid":{"rendered":"https:\/\/www.perla.al\/?post_type=estate&#038;p=30893"},"modified":"2025-03-03T14:19:33","modified_gmt":"2025-03-03T13:19:33","slug":"dupleks-per-shitje-rruga-e-durresit","status":"publish","type":"estate","link":"https:\/\/www.perla.al\/al\/properties\/apartment\/tirane\/rugaedurrsit\/dupleks-per-shitje-rruga-e-durresit\/","title":{"rendered":"Dupleks per shitje, Rruga e Durresit"},"content":{"rendered":"<p>Apartament Duplex p\u00ebr shitje\ud83d\ude0e<br \/>\nPallat ekzistues<br \/>\nRruga Durr\u00ebsit, vet\u00ebm 3 min larg qendr\u00ebs t\u00eb Tiran\u00ebs.<\/p>\n<p>Pozicionohet ne kat t\u00eb 6-t\u00eb<br \/>\n(pa ashensor, por ka mund\u00ebsi p\u00ebr tu vendosur).<\/p>\n<p>Stil Duplex<br \/>\nSip\u00ebrfaqe neto (certifikuar) 122.5 m2<br \/>\nSip bruto 135 m2<\/p>\n<p>Ka 2 dhoma gjumi, 2 sallone ndenjie, 2 tualete, depo, ballkon<\/p>\n<p>\u00c7mimi (okazion p\u00ebr zon\u00ebn);<br \/>\n220.000 euro ose 1630 euro\/m2<br \/>\nN\u00eb cmim p\u00ebrfshihet dhe mobilimi<\/p>\n","protected":false},"author":15,"featured_media":30884,"template":"","class_list":["post-30893","estate","type-estate","status-publish","has-post-thumbnail","hentry","property-type-apartment","offer-type-for-sale","neighborhood-rugaedurrsit","city-tirane","street-rruga-e-durresit","certificate-yes","klient-ervin"],"translation":{"provider":"WPGlobus","version":"2.12.2","language":"al","enabled_languages":["en","al"],"languages":{"en":{"title":true,"content":true,"excerpt":false},"al":{"title":false,"content":false,"excerpt":false}}},"_links":{"self":[{"href":"https:\/\/www.perla.al\/al\/wp-json\/wp\/v2\/estate\/30893"}],"collection":[{"href":"https:\/\/www.perla.al\/al\/wp-json\/wp\/v2\/estate"}],"about":[{"href":"https:\/\/www.perla.al\/al\/wp-json\/wp\/v2\/types\/estate"}],"author":[{"embeddable":true,"href":"https:\/\/www.perla.al\/al\/wp-json\/wp\/v2\/users\/15"}],"wp:featuredmedia":[{"embeddable":true,"href":"https:\/\/www.perla.al\/al\/wp-json\/wp\/v2\/media\/30884"}],"wp:attachment":[{"href":"https:\/\/www.perla.al\/al\/wp-json\/wp\/v2\/media?parent=30893"}],"curies":[{"name":"wp","href":"https:\/\/api.w.org\/{rel}","templated":true}]}}

<p>Apartament Duplex për shitje😎<br />
Pallat ekzistues<br />
Rruga Durrësit, vetëm 3 min larg qendrës të Tiranës.</p>
<p>Pozicionohet ne kat të 6-të<br />
(pa ashensor, por ka mundësi për tu vendosur).</p>
<p>Stil Duplex<br />
Sipërfaqe neto (certifikuar) 122.5 m2<br />
Sip bruto 135 m2</p>
<p>Ka 2 dhoma gjumi, 2 sallone ndenjie, 2 tualete, depo, ballkon</p>
<p>Çmimi (okazion për zonën);<br />
220.000 euro ose 1630 euro/m2<br />
Në cmim përfshihet dhe mobilimi</p>
