{"id":31038,"date":"2025-03-08T21:01:26","date_gmt":"2025-03-08T20:01:26","guid":{"rendered":"https:\/\/www.perla.al\/?post_type=estate&#038;p=31038"},"modified":"2025-04-01T09:06:58","modified_gmt":"2025-04-01T07:06:58","slug":"dupleks-per-qira-ne-selite","status":"publish","type":"estate","link":"https:\/\/www.perla.al\/al\/properties\/duplex\/tirane\/rrugae-zallit\/dupleks-per-qira-ne-selite\/","title":{"rendered":"Dupleks p\u00ebr Qira n\u00eb Selit\u00eb"},"content":{"rendered":"<p>Dupleks p\u00ebr Qira n\u00eb Selit\u00eb \ud83c\udf1f<br \/>\nKeni mund\u00ebsin\u00eb t\u00eb jetoni n\u00eb nj\u00eb ambient t\u00eb rehatsh\u00ebm dhe modern! Po jepet me qira nj\u00eb dupleks i ndodhur n\u00eb Selit\u00eb, i p\u00ebrb\u00ebr\u00eb nga dy kate vile. \ud83c\udfe1<br \/>\n\ud83d\udd11 P\u00ebrb\u00ebrja e dupleksit:<br \/>\nKati i par\u00eb: Ambienti i ndenjes dhe gatimit + nj\u00eb dhom\u00eb gjumi+ banjo<br \/>\nKati i dyt\u00eb: Dy dhoma gjumi + banjo + verande<br \/>\nElektroshtepiake t\u00eb nevojshme p\u00ebr nj\u00eb jetes\u00eb t\u00eb k\u00ebndshme<br \/>\n\ud83c\udf33 P\u00ebrfitimet:<br \/>\nOborr privat<br \/>\nVend parkimi<br \/>\n\u00c7mimi 700 euro\/muaji<br \/>\n(Prona e disponushme  nga data 15 maj 2025)<br \/>\n\ud83c\udfaf Preferohen: Klient\u00eb familjar\u00eb dhe afatgjat\u00eb (jo kafsh\u00eb sht\u00ebpiake).<\/p>\n","protected":false},"author":167,"featured_media":31031,"template":"","class_list":["post-31038","estate","type-estate","status-publish","has-post-thumbnail","hentry","property-type-duplex","offer-type-for-rent","neighborhood-rrugae-zallit","city-tirane","street-selite","certificate-yes","klient-vjola"],"translation":{"provider":"WPGlobus","version":"2.12.2","language":"al","enabled_languages":["en","al"],"languages":{"en":{"title":true,"content":true,"excerpt":false},"al":{"title":false,"content":false,"excerpt":false}}},"_links":{"self":[{"href":"https:\/\/www.perla.al\/al\/wp-json\/wp\/v2\/estate\/31038"}],"collection":[{"href":"https:\/\/www.perla.al\/al\/wp-json\/wp\/v2\/estate"}],"about":[{"href":"https:\/\/www.perla.al\/al\/wp-json\/wp\/v2\/types\/estate"}],"author":[{"embeddable":true,"href":"https:\/\/www.perla.al\/al\/wp-json\/wp\/v2\/users\/167"}],"wp:featuredmedia":[{"embeddable":true,"href":"https:\/\/www.perla.al\/al\/wp-json\/wp\/v2\/media\/31031"}],"wp:attachment":[{"href":"https:\/\/www.perla.al\/al\/wp-json\/wp\/v2\/media?parent=31038"}],"curies":[{"name":"wp","href":"https:\/\/api.w.org\/{rel}","templated":true}]}}

Dupleks për Qira në Selitë

<p>Dupleks për Qira në Selitë 🌟<br />
Keni mundësinë të jetoni në një ambient të rehatshëm dhe modern! Po jepet me qira një dupleks i ndodhur në Selitë, i përbërë nga dy kate vile. 🏡<br />
🔑 Përbërja e dupleksit:<br />
Kati i parë: Ambienti i ndenjes dhe gatimit + një dhomë gjumi+ banjo<br />
Kati i dytë: Dy dhoma gjumi + banjo + verande<br />
Elektroshtepiake të nevojshme për një jetesë të këndshme<br />
🌳 Përfitimet:<br />
Oborr privat<br />
Vend parkimi<br />
Çmimi 700 euro/muaji<br />
(Prona e disponushme  nga data 15 maj 2025)<br />
🎯 Preferohen: Klientë familjarë dhe afatgjatë (jo kafshë shtëpiake).</p>
