{"id":31134,"date":"2025-03-15T13:22:14","date_gmt":"2025-03-15T12:22:14","guid":{"rendered":"https:\/\/www.perla.al\/?post_type=estate&#038;p=31134"},"modified":"2025-03-15T13:22:14","modified_gmt":"2025-03-15T12:22:14","slug":"jepet-me-qira-apartament-11-tek-kompleksi-delijorgji-%f0%9f%8f%a1","status":"publish","type":"estate","link":"https:\/\/www.perla.al\/al\/properties\/apartment\/tirane\/kompleksi-deliorgji\/jepet-me-qira-apartament-11-tek-kompleksi-delijorgji-%f0%9f%8f%a1\/","title":{"rendered":"Jepet me qira apartament 1+1 tek Kompleksi Delijorgji \ud83c\udfe1"},"content":{"rendered":"<p>Jepet me qira apartament 1+1 tek Kompleksi Delijorgji \ud83c\udfe1<\/p>\n<p>\u2714\ufe0f Organizohet n\u00eb:<\/p>\n<p>Sallon + ambient gatimi<br \/>\n1 dhom\u00eb gjumi<br \/>\n1 tualet<br \/>\nBallkon<br \/>\n\ud83d\udd11 Totalisht i mobiluar dhe i pabanuar m\u00eb par\u00eb!<br \/>\n\ud83d\udcb8 \u00c7mimi Neto: 700 EURO.<\/p>\n<p>\ud83d\ude97 Post parkimi me \u00e7mim ekstra.<\/p>\n<p>P\u00ebr m\u00eb shum\u00eb informacion ose p\u00ebr nj\u00eb vizit\u00eb n\u00eb pron\u00eb, mos hezitoni t\u00eb m\u00eb kontaktoni! \ud83d\udcf2<\/p>\n","protected":false},"author":15,"featured_media":31132,"template":"","class_list":["post-31134","estate","type-estate","status-publish","has-post-thumbnail","hentry","property-type-apartment","offer-type-for-rent","neighborhood-kompleksi-deliorgji","city-tirane","street-kompleksi-deliorgji","certificate-yes","klient-ervin"],"translation":{"provider":"WPGlobus","version":"2.12.2","language":"al","enabled_languages":["en","al"],"languages":{"en":{"title":true,"content":true,"excerpt":false},"al":{"title":false,"content":false,"excerpt":false}}},"_links":{"self":[{"href":"https:\/\/www.perla.al\/al\/wp-json\/wp\/v2\/estate\/31134"}],"collection":[{"href":"https:\/\/www.perla.al\/al\/wp-json\/wp\/v2\/estate"}],"about":[{"href":"https:\/\/www.perla.al\/al\/wp-json\/wp\/v2\/types\/estate"}],"author":[{"embeddable":true,"href":"https:\/\/www.perla.al\/al\/wp-json\/wp\/v2\/users\/15"}],"wp:featuredmedia":[{"embeddable":true,"href":"https:\/\/www.perla.al\/al\/wp-json\/wp\/v2\/media\/31132"}],"wp:attachment":[{"href":"https:\/\/www.perla.al\/al\/wp-json\/wp\/v2\/media?parent=31134"}],"curies":[{"name":"wp","href":"https:\/\/api.w.org\/{rel}","templated":true}]}}

<p>Jepet me qira apartament 1+1 tek Kompleksi Delijorgji 🏡</p>
<p>✔️ Organizohet në:</p>
<p>Sallon + ambient gatimi<br />
1 dhomë gjumi<br />
1 tualet<br />
Ballkon<br />
🔑 Totalisht i mobiluar dhe i pabanuar më parë!<br />
💸 Çmimi Neto: 700 EURO.</p>
<p>🚗 Post parkimi me çmim ekstra.</p>
<p>Për më shumë informacion ose për një vizitë në pronë, mos hezitoni të më kontaktoni! 📲</p>
