{"id":31219,"date":"2025-03-20T09:27:08","date_gmt":"2025-03-20T08:27:08","guid":{"rendered":"https:\/\/www.perla.al\/?post_type=estate&#038;p=31219"},"modified":"2025-05-16T09:34:53","modified_gmt":"2025-05-16T07:34:53","slug":"shitet-vile-te-gjiri-i-lalezit","status":"publish","type":"estate","link":"https:\/\/www.perla.al\/al\/properties\/villa\/durres\/rezidenca-san-pietro\/shitet-vile-te-gjiri-i-lalezit\/","title":{"rendered":"Shitet vile, te Gjiri i Lalezit"},"content":{"rendered":"<p>Shitet vile ne vijen e pare me detin, te Gjiri i Lalezit, kompleksi &#8220;San Pietro&#8221;.<br \/>\n. I gjithi kompleksi eshte i rrethuar dhe kontrolluar me kamera sigurie dhe roje. . Fshati Turistik ka akses t\u00eb drejtp\u00ebrdrejt\u00eb me plazhin, 1500m ekskluzivitet vije bregdetare q\u00eb shtrihet p\u00ebr 190m gjer\u00ebsi. M\u00eb pas fillon nd\u00ebrtimi i integruar me pishat dhe gjelb\u00ebrimin ekzistues.<br \/>\nDetaje te prones:<br \/>\n1200m2 m2 truall<br \/>\n520 m2 ndertim<br \/>\nVila disponon dhe nje pishine.<br \/>\nOrganizohet nga tre kate: dy ambinet ndjenje dhe gatimi, pes\u00eb dhoma gjumi, kater banjo.<\/p>\n<p>Per nje vizite ne prone na kontaktoni<\/p>\n","protected":false},"author":15,"featured_media":31217,"template":"","class_list":["post-31219","estate","type-estate","status-publish","has-post-thumbnail","hentry","property-type-villa","offer-type-for-sale","neighborhood-rezidenca-san-pietro","city-durres","street-gjiri-i-lalzit-gjiri-i-lalzit-shqiperi","certificate-in-process","klient-ervin"],"translation":{"provider":"WPGlobus","version":"2.12.2","language":"al","enabled_languages":["en","al"],"languages":{"en":{"title":true,"content":true,"excerpt":false},"al":{"title":false,"content":false,"excerpt":false}}},"_links":{"self":[{"href":"https:\/\/www.perla.al\/al\/wp-json\/wp\/v2\/estate\/31219"}],"collection":[{"href":"https:\/\/www.perla.al\/al\/wp-json\/wp\/v2\/estate"}],"about":[{"href":"https:\/\/www.perla.al\/al\/wp-json\/wp\/v2\/types\/estate"}],"author":[{"embeddable":true,"href":"https:\/\/www.perla.al\/al\/wp-json\/wp\/v2\/users\/15"}],"wp:featuredmedia":[{"embeddable":true,"href":"https:\/\/www.perla.al\/al\/wp-json\/wp\/v2\/media\/31217"}],"wp:attachment":[{"href":"https:\/\/www.perla.al\/al\/wp-json\/wp\/v2\/media?parent=31219"}],"curies":[{"name":"wp","href":"https:\/\/api.w.org\/{rel}","templated":true}]}}

<p>Shitet vile ne vijen e pare me detin, te Gjiri i Lalezit, kompleksi &#8220;San Pietro&#8221;.<br />
. I gjithi kompleksi eshte i rrethuar dhe kontrolluar me kamera sigurie dhe roje. . Fshati Turistik ka akses të drejtpërdrejtë me plazhin, 1500m ekskluzivitet vije bregdetare që shtrihet për 190m gjerësi. Më pas fillon ndërtimi i integruar me pishat dhe gjelbërimin ekzistues.<br />
Detaje te prones:<br />
1200m2 m2 truall<br />
520 m2 ndertim<br />
Vila disponon dhe nje pishine.<br />
Organizohet nga tre kate: dy ambinet ndjenje dhe gatimi, pesë dhoma gjumi, kater banjo.</p>
<p>Per nje vizite ne prone na kontaktoni</p>
