{"id":31299,"date":"2025-03-28T08:25:37","date_gmt":"2025-03-28T07:25:37","guid":{"rendered":"https:\/\/www.perla.al\/?post_type=estate&#038;p=31299"},"modified":"2025-03-28T08:25:37","modified_gmt":"2025-03-28T07:25:37","slug":"jepet-me-qira-apartament-11-sauk-2","status":"publish","type":"estate","link":"https:\/\/www.perla.al\/al\/properties\/apartment\/tirane\/sauk\/jepet-me-qira-apartament-11-sauk-2\/","title":{"rendered":"Jepet me qira apartament (1+1) Sauk"},"content":{"rendered":"<p>Jepet me qira apartament(1+1) n\u00eb zon\u00ebn e Sanatoriumit, Tiran\u00eb.<br \/>\n\ud83d\udcb0Qira mujore: 450 Euro<\/p>\n<p>Apartament i bollsh\u00ebm, me ndri\u00e7im natyral dhe akses t\u00eb leht\u00eb n\u00eb rrug\u00ebt kryesore, ideale p\u00ebr banim.<br \/>\nApartamenti ofron nj\u00eb ambient komod dhe t\u00eb rehatsh\u00ebm, pran\u00eb faciliteteve kryesore dhe transportit publik.<\/p>\n<p>\ud83d\udca5P\u00ebrshkrimi:<\/p>\n<p>Korridor shp\u00ebrndar\u00ebs<\/p>\n<p>\ud83c\udf7d\ufe0fAmbiente ndenje dhe gatimi<\/p>\n<p>\ud83d\udecf\ufe0fDhome gjumi<\/p>\n<p>\ud83d\udebfBanjo<\/p>\n<p>Apartamenti \u00ebsht\u00eb i mobiluar me kushte moderne dhe gati p\u00ebr banim.<\/p>\n<p>\ud83d\udcdeP\u00ebr nje vizit\u00eb n\u00eb pron\u00eb,na kontaktoni!<\/p>\n","protected":false},"author":15,"featured_media":31278,"template":"","class_list":["post-31299","estate","type-estate","status-publish","has-post-thumbnail","hentry","property-type-apartment","offer-type-for-rent","neighborhood-sauk","city-tirane","street-sauk","certificate-yes","klient-luiza"],"translation":{"provider":"WPGlobus","version":"2.12.2","language":"al","enabled_languages":["en","al"],"languages":{"en":{"title":true,"content":true,"excerpt":false},"al":{"title":false,"content":false,"excerpt":false}}},"_links":{"self":[{"href":"https:\/\/www.perla.al\/al\/wp-json\/wp\/v2\/estate\/31299"}],"collection":[{"href":"https:\/\/www.perla.al\/al\/wp-json\/wp\/v2\/estate"}],"about":[{"href":"https:\/\/www.perla.al\/al\/wp-json\/wp\/v2\/types\/estate"}],"author":[{"embeddable":true,"href":"https:\/\/www.perla.al\/al\/wp-json\/wp\/v2\/users\/15"}],"wp:featuredmedia":[{"embeddable":true,"href":"https:\/\/www.perla.al\/al\/wp-json\/wp\/v2\/media\/31278"}],"wp:attachment":[{"href":"https:\/\/www.perla.al\/al\/wp-json\/wp\/v2\/media?parent=31299"}],"curies":[{"name":"wp","href":"https:\/\/api.w.org\/{rel}","templated":true}]}}

<p>Jepet me qira apartament(1+1) në zonën e Sanatoriumit, Tiranë.<br />
💰Qira mujore: 450 Euro</p>
<p>Apartament i bollshëm, me ndriçim natyral dhe akses të lehtë në rrugët kryesore, ideale për banim.<br />
Apartamenti ofron një ambient komod dhe të rehatshëm, pranë faciliteteve kryesore dhe transportit publik.</p>
<p>💥Përshkrimi:</p>
<p>Korridor shpërndarës</p>
<p>🍽️Ambiente ndenje dhe gatimi</p>
<p>🛏️Dhome gjumi</p>
<p>🚿Banjo</p>
<p>Apartamenti është i mobiluar me kushte moderne dhe gati për banim.</p>
<p>📞Për nje vizitë në pronë,na kontaktoni!</p>
