{"id":31339,"date":"2025-03-31T13:18:34","date_gmt":"2025-03-31T11:18:34","guid":{"rendered":"https:\/\/www.perla.al\/?post_type=estate&#038;p=31339"},"modified":"2025-05-16T09:29:12","modified_gmt":"2025-05-16T07:29:12","slug":"jepet-me-qira-ambient-biznesi-komuna-e-parisit","status":"publish","type":"estate","link":"https:\/\/www.perla.al\/al\/properties\/shop\/tirane\/komune-e-parisit\/jepet-me-qira-ambient-biznesi-komuna-e-parisit\/","title":{"rendered":"Jepet me qira ambient biznesi, Komuna e Parisit"},"content":{"rendered":"<p>Jepet me qira ambient biznesi, Komuna e Parisit<\/p>\n<p>Me nj\u00eb sip\u00ebrfaqe totale prej 60 m2, planimetri t\u00eb rregullt dhe t\u00eb shfryt\u00ebzueshme ofrohet me qira, kryesisht p\u00ebr ambiente zyrash, por e p\u00ebrshtatshme edhe p\u00ebr nj\u00ebsi komerciale.<br \/>\nZon\u00eb me aksesueshm\u00ebri dhe me k\u00ebrkes\u00eb t\u00eb lart\u00eb investimi.<br \/>\nKati zero<br \/>\nFasad\u00eb xhami<br \/>\nP\u00ebr nj\u00eb vizit\u00eb n\u00eb pron\u00eb na kontaktoni!<\/p>\n","protected":false},"author":15,"featured_media":31336,"template":"","class_list":["post-31339","estate","type-estate","status-publish","has-post-thumbnail","hentry","property-type-shop","offer-type-for-rent","neighborhood-komune-e-parisit","city-tirane","street-komune-e-parisit","certificate-yes","klient-redi"],"translation":{"provider":"WPGlobus","version":"2.12.2","language":"al","enabled_languages":["en","al"],"languages":{"en":{"title":true,"content":true,"excerpt":false},"al":{"title":false,"content":false,"excerpt":false}}},"_links":{"self":[{"href":"https:\/\/www.perla.al\/al\/wp-json\/wp\/v2\/estate\/31339"}],"collection":[{"href":"https:\/\/www.perla.al\/al\/wp-json\/wp\/v2\/estate"}],"about":[{"href":"https:\/\/www.perla.al\/al\/wp-json\/wp\/v2\/types\/estate"}],"author":[{"embeddable":true,"href":"https:\/\/www.perla.al\/al\/wp-json\/wp\/v2\/users\/15"}],"wp:featuredmedia":[{"embeddable":true,"href":"https:\/\/www.perla.al\/al\/wp-json\/wp\/v2\/media\/31336"}],"wp:attachment":[{"href":"https:\/\/www.perla.al\/al\/wp-json\/wp\/v2\/media?parent=31339"}],"curies":[{"name":"wp","href":"https:\/\/api.w.org\/{rel}","templated":true}]}}

<p>Jepet me qira ambient biznesi, Komuna e Parisit</p>
<p>Me një sipërfaqe totale prej 60 m2, planimetri të rregullt dhe të shfrytëzueshme ofrohet me qira, kryesisht për ambiente zyrash, por e përshtatshme edhe për njësi komerciale.<br />
Zonë me aksesueshmëri dhe me kërkesë të lartë investimi.<br />
Kati zero<br />
Fasadë xhami<br />
Për një vizitë në pronë na kontaktoni!</p>
