{"id":31391,"date":"2025-04-05T12:02:27","date_gmt":"2025-04-05T10:02:27","guid":{"rendered":"https:\/\/www.perla.al\/?post_type=estate&#038;p=31391"},"modified":"2025-04-05T12:02:27","modified_gmt":"2025-04-05T10:02:27","slug":"jepet-me-qira-apartament11-ne-zonen-e-sanatoriumit-tirane","status":"publish","type":"estate","link":"https:\/\/www.perla.al\/al\/properties\/apartment\/tirane\/rreth-rrotullimi-saukut\/jepet-me-qira-apartament11-ne-zonen-e-sanatoriumit-tirane\/","title":{"rendered":"Jepet me qira apartament(1+1) n\u00eb zon\u00ebn e Sanatoriumit, Tiran\u00eb"},"content":{"rendered":"<p>Jepet me qira apartament(1+1) n\u00eb zon\u00ebn e Sanatoriumit, Tiran\u00eb.<\/p>\n<p>Apartament i bollsh\u00ebm, me ndri\u00e7im natyral dhe akses t\u00eb leht\u00eb n\u00eb rrug\u00ebt kryesore, ideale p\u00ebr banim ose investim.Apartamenti ofron nj\u00eb ambient komod dhe t\u00eb rehatsh\u00ebm, pran\u00eb faciliteteve kryesore dhe transportit publik.<br \/>\nKorridor shp\u00ebrndar\u00ebs<br \/>\nAmbiente ndenje dhe gatimi<br \/>\nDhome gjumi<br \/>\nBanjo<br \/>\nApartamenti \u00ebsht\u00eb i mobiluar me kushte moderne dhe gati p\u00ebr banim.<\/p>\n<p>Siperfaqa 70 m2<br \/>\n\u00c7mimi 420 euro\/muaji<\/p>\n<p>P\u00ebr nje vizit\u00eb n\u00eb pron\u00eb,na kontaktoni !<\/p>\n","protected":false},"author":15,"featured_media":31390,"template":"","class_list":["post-31391","estate","type-estate","status-publish","has-post-thumbnail","hentry","property-type-apartment","offer-type-for-rent","neighborhood-rreth-rrotullimi-saukut","city-tirane","street-sauk","klient-https-www-remax-albania-com-en-listings-condo-apartment-for-rent-lease-sauk-i-vjeter-530481005-30"],"translation":{"provider":"WPGlobus","version":"2.12.2","language":"al","enabled_languages":["en","al"],"languages":{"en":{"title":true,"content":true,"excerpt":false},"al":{"title":false,"content":false,"excerpt":false}}},"_links":{"self":[{"href":"https:\/\/www.perla.al\/al\/wp-json\/wp\/v2\/estate\/31391"}],"collection":[{"href":"https:\/\/www.perla.al\/al\/wp-json\/wp\/v2\/estate"}],"about":[{"href":"https:\/\/www.perla.al\/al\/wp-json\/wp\/v2\/types\/estate"}],"author":[{"embeddable":true,"href":"https:\/\/www.perla.al\/al\/wp-json\/wp\/v2\/users\/15"}],"wp:featuredmedia":[{"embeddable":true,"href":"https:\/\/www.perla.al\/al\/wp-json\/wp\/v2\/media\/31390"}],"wp:attachment":[{"href":"https:\/\/www.perla.al\/al\/wp-json\/wp\/v2\/media?parent=31391"}],"curies":[{"name":"wp","href":"https:\/\/api.w.org\/{rel}","templated":true}]}}

Jepet me qira apartament(1+1) në zonën e Sanatoriumit, Tiranë

<p>Jepet me qira apartament(1+1) në zonën e Sanatoriumit, Tiranë.</p>
<p>Apartament i bollshëm, me ndriçim natyral dhe akses të lehtë në rrugët kryesore, ideale për banim ose investim.Apartamenti ofron një ambient komod dhe të rehatshëm, pranë faciliteteve kryesore dhe transportit publik.<br />
Korridor shpërndarës<br />
Ambiente ndenje dhe gatimi<br />
Dhome gjumi<br />
Banjo<br />
Apartamenti është i mobiluar me kushte moderne dhe gati për banim.</p>
<p>Siperfaqa 70 m2<br />
Çmimi 420 euro/muaji</p>
<p>Për nje vizitë në pronë,na kontaktoni !</p>
