{"id":31410,"date":"2025-04-05T15:11:24","date_gmt":"2025-04-05T13:11:24","guid":{"rendered":"https:\/\/www.perla.al\/?post_type=estate&#038;p=31410"},"modified":"2025-04-05T15:11:24","modified_gmt":"2025-04-05T13:11:24","slug":"jepet-me-qira-apartament-per-zyra-liqeni-i-thate-tirane","status":"publish","type":"estate","link":"https:\/\/www.perla.al\/al\/properties\/apartment\/tirane\/liqeni-i-thate\/jepet-me-qira-apartament-per-zyra-liqeni-i-thate-tirane\/","title":{"rendered":"Jepet me qira apartament (per zyra) Liqeni I That\u00eb, Tiran\u00eb"},"content":{"rendered":"<p>Jepet me qira apartament (per zyra) Liqeni I That\u00eb, Tiran\u00eb<\/p>\n<p>Apartamenti ofrohet bosh i pershtatshem per zyra apo ambient biznesi klinike dentare etj, kjo pasi locationi qe ka ja ofron kete mundesi.<\/p>\n<p>Planimetri e rregullt<br \/>\nSiperfaqe 65 m2<br \/>\n\u00c7mimi 500 euro\/muaji<br \/>\nPer nje vizite ne prone me kontaktoni!<\/p>\n","protected":false},"author":15,"featured_media":31396,"template":"","class_list":["post-31410","estate","type-estate","status-publish","has-post-thumbnail","hentry","property-type-apartment","offer-type-for-rent","neighborhood-liqeni-i-thate","city-tirane","street-liqeni-i-thate-albania","certificate-in-process","klient-https-www-remax-albania-com-sq-al-listime-apartament-per-qira-liqeni-i-thate-530481006-31"],"translation":{"provider":"WPGlobus","version":"2.12.2","language":"al","enabled_languages":["en","al"],"languages":{"en":{"title":true,"content":true,"excerpt":false},"al":{"title":false,"content":false,"excerpt":false}}},"_links":{"self":[{"href":"https:\/\/www.perla.al\/al\/wp-json\/wp\/v2\/estate\/31410"}],"collection":[{"href":"https:\/\/www.perla.al\/al\/wp-json\/wp\/v2\/estate"}],"about":[{"href":"https:\/\/www.perla.al\/al\/wp-json\/wp\/v2\/types\/estate"}],"author":[{"embeddable":true,"href":"https:\/\/www.perla.al\/al\/wp-json\/wp\/v2\/users\/15"}],"wp:featuredmedia":[{"embeddable":true,"href":"https:\/\/www.perla.al\/al\/wp-json\/wp\/v2\/media\/31396"}],"wp:attachment":[{"href":"https:\/\/www.perla.al\/al\/wp-json\/wp\/v2\/media?parent=31410"}],"curies":[{"name":"wp","href":"https:\/\/api.w.org\/{rel}","templated":true}]}}

Jepet me qira apartament (per zyra) Liqeni I Thatë, Tiranë

<p>Jepet me qira apartament (per zyra) Liqeni I Thatë, Tiranë</p>
<p>Apartamenti ofrohet bosh i pershtatshem per zyra apo ambient biznesi klinike dentare etj, kjo pasi locationi qe ka ja ofron kete mundesi.</p>
<p>Planimetri e rregullt<br />
Siperfaqe 65 m2<br />
Çmimi 500 euro/muaji<br />
Per nje vizite ne prone me kontaktoni!</p>
