{"id":31489,"date":"2025-04-14T10:26:08","date_gmt":"2025-04-14T08:26:08","guid":{"rendered":"https:\/\/www.perla.al\/?post_type=estate&#038;p=31489"},"modified":"2025-05-16T09:31:21","modified_gmt":"2025-05-16T07:31:21","slug":"ambient-zyrash-per-qira-plus-post-kompleksi-tirana-golden-park-3","status":"publish","type":"estate","link":"https:\/\/www.perla.al\/al\/properties\/duplex\/tirane\/tirana-golden-park-spitali-amerikan-iii\/ambient-zyrash-per-qira-plus-post-kompleksi-tirana-golden-park-3\/","title":{"rendered":"Ambient zyrash per qira plus post, Kompleksi Tirana Golden Park 3."},"content":{"rendered":"<p>Ambient zyrash per qira, Kompleksi Tirana Golden Park 3.<\/p>\n<p>Ambienti (dublex) ndodhet ne katin e pare te godines mbi dyqane, me siperfaqe 50 m2 dhe pamje nga rruga me drejtim veri-lindje. Ambienti eshte i investuar me parket, kondicioner, ndricim, mure te patinuara, tualet inkaso dhe dritare dopio xham termik. Eshte i ndare ne 2 ambiente dhe 1 ballkon.<br \/>\nPost parkimi i perfshire ne cmim. Mund te shfrytezohet per zyra, klinik, ose tipologji te ndryshme biznesi.<\/p>\n<p>P\u00ebr m\u00eb shum\u00eb info ose p\u00ebr t\u00eb organizuar nj\u00eb vizit\u00eb, kontaktoni!<\/p>\n<p>Remax Perla Real Estate kompania num\u00ebr nj\u00eb n\u00eb shqiperi p\u00ebr Pasurit\u00eb e Paluajtshme!<br \/>\nNe i japim vler\u00eb pron\u00ebs tuaj!<\/p>\n","protected":false},"author":15,"featured_media":31485,"template":"","class_list":["post-31489","estate","type-estate","status-publish","has-post-thumbnail","hentry","property-type-duplex","offer-type-for-rent","neighborhood-tirana-golden-park-spitali-amerikan-iii","city-tirane","street-tirana-golden-park","certificate-in-process","klient-ervisa"],"translation":{"provider":"WPGlobus","version":"2.12.2","language":"al","enabled_languages":["en","al"],"languages":{"en":{"title":true,"content":true,"excerpt":false},"al":{"title":false,"content":false,"excerpt":false}}},"_links":{"self":[{"href":"https:\/\/www.perla.al\/al\/wp-json\/wp\/v2\/estate\/31489"}],"collection":[{"href":"https:\/\/www.perla.al\/al\/wp-json\/wp\/v2\/estate"}],"about":[{"href":"https:\/\/www.perla.al\/al\/wp-json\/wp\/v2\/types\/estate"}],"author":[{"embeddable":true,"href":"https:\/\/www.perla.al\/al\/wp-json\/wp\/v2\/users\/15"}],"wp:featuredmedia":[{"embeddable":true,"href":"https:\/\/www.perla.al\/al\/wp-json\/wp\/v2\/media\/31485"}],"wp:attachment":[{"href":"https:\/\/www.perla.al\/al\/wp-json\/wp\/v2\/media?parent=31489"}],"curies":[{"name":"wp","href":"https:\/\/api.w.org\/{rel}","templated":true}]}}

<p>Ambient zyrash per qira, Kompleksi Tirana Golden Park 3.</p>
<p>Ambienti (dublex) ndodhet ne katin e pare te godines mbi dyqane, me siperfaqe 50 m2 dhe pamje nga rruga me drejtim veri-lindje. Ambienti eshte i investuar me parket, kondicioner, ndricim, mure te patinuara, tualet inkaso dhe dritare dopio xham termik. Eshte i ndare ne 2 ambiente dhe 1 ballkon.<br />
Post parkimi i perfshire ne cmim. Mund te shfrytezohet per zyra, klinik, ose tipologji te ndryshme biznesi.</p>
<p>Për më shumë info ose për të organizuar një vizitë, kontaktoni!</p>
<p>Remax Perla Real Estate kompania numër një në shqiperi për Pasuritë e Paluajtshme!<br />
Ne i japim vlerë pronës tuaj!</p>
