{"id":31574,"date":"2025-04-19T14:04:42","date_gmt":"2025-04-19T12:04:42","guid":{"rendered":"https:\/\/www.perla.al\/?post_type=estate&#038;p=31574"},"modified":"2025-04-19T14:04:42","modified_gmt":"2025-04-19T12:04:42","slug":"jepet-me-qira-apartament-21-plus-postparkim-kodra-e-diellit","status":"publish","type":"estate","link":"https:\/\/www.perla.al\/al\/properties\/apartment\/tirane\/kodra-e-diellit\/jepet-me-qira-apartament-21-plus-postparkim-kodra-e-diellit\/","title":{"rendered":"Jepet me qira apartament 2+1 \u2013 plus postparkim, Kodra e Diellit!"},"content":{"rendered":"<p>Jepet me qira apartament 2+1 \u2013 plus postparkim, Kodra e Diellit!<\/p>\n<p>Jepet me qira nj\u00eb apartament komod dhe i mobiluar n\u00eb zon\u00ebn e Kodres se Diellit.<br \/>\nOrganizimi:<br \/>\nAmbient i p\u00ebrbashk\u00ebt ndenjeje dhe gatimi<br \/>\n2 dhoma gjumi<br \/>\n1 banjo<br \/>\nApartamenti ndodhet n\u00eb katin e 3-t\u00eb t\u00eb nj\u00eb nd\u00ebrtese pa ashensor.<\/p>\n<p>I mobiluar totalisht dhe gati p\u00ebr t\u00eb jetuar.<br \/>\nVendndodhje e qet\u00eb dhe familjare, me akses t\u00eb leht\u00eb n\u00eb sh\u00ebrbime dhe transport.<\/p>\n<p>P\u00ebr nj\u00eb vizit\u00eb n\u00eb pron\u00eb ose m\u00eb shum\u00eb informacion, mos hezitoni t\u00eb na kontaktoni!<br \/>\nRemax Perla Real Estate kompania num\u00ebr nj\u00eb n\u00eb shqiperi p\u00ebr Pasurit\u00eb e Paluajtshme!<br \/>\nNe i japim vler\u00eb pron\u00ebs tuaj!<\/p>\n","protected":false},"author":15,"featured_media":31573,"template":"","class_list":["post-31574","estate","type-estate","status-publish","has-post-thumbnail","hentry","property-type-apartment","offer-type-for-rent","neighborhood-kodra-e-diellit","city-tirane","street-kodra-e-diellit","certificate-yes","klient-kodra-diellit"],"translation":{"provider":"WPGlobus","version":"2.12.2","language":"al","enabled_languages":["en","al"],"languages":{"en":{"title":true,"content":true,"excerpt":false},"al":{"title":false,"content":false,"excerpt":false}}},"_links":{"self":[{"href":"https:\/\/www.perla.al\/al\/wp-json\/wp\/v2\/estate\/31574"}],"collection":[{"href":"https:\/\/www.perla.al\/al\/wp-json\/wp\/v2\/estate"}],"about":[{"href":"https:\/\/www.perla.al\/al\/wp-json\/wp\/v2\/types\/estate"}],"author":[{"embeddable":true,"href":"https:\/\/www.perla.al\/al\/wp-json\/wp\/v2\/users\/15"}],"wp:featuredmedia":[{"embeddable":true,"href":"https:\/\/www.perla.al\/al\/wp-json\/wp\/v2\/media\/31573"}],"wp:attachment":[{"href":"https:\/\/www.perla.al\/al\/wp-json\/wp\/v2\/media?parent=31574"}],"curies":[{"name":"wp","href":"https:\/\/api.w.org\/{rel}","templated":true}]}}

<p>Jepet me qira apartament 2+1 – plus postparkim, Kodra e Diellit!</p>
<p>Jepet me qira një apartament komod dhe i mobiluar në zonën e Kodres se Diellit.<br />
Organizimi:<br />
Ambient i përbashkët ndenjeje dhe gatimi<br />
2 dhoma gjumi<br />
1 banjo<br />
Apartamenti ndodhet në katin e 3-të të një ndërtese pa ashensor.</p>
<p>I mobiluar totalisht dhe gati për të jetuar.<br />
Vendndodhje e qetë dhe familjare, me akses të lehtë në shërbime dhe transport.</p>
<p>Për një vizitë në pronë ose më shumë informacion, mos hezitoni të na kontaktoni!<br />
Remax Perla Real Estate kompania numër një në shqiperi për Pasuritë e Paluajtshme!<br />
Ne i japim vlerë pronës tuaj!</p>
