{"id":31691,"date":"2025-05-08T15:45:37","date_gmt":"2025-05-08T13:45:37","guid":{"rendered":"https:\/\/www.perla.al\/?post_type=estate&#038;p=31691"},"modified":"2025-05-08T15:45:37","modified_gmt":"2025-05-08T13:45:37","slug":"shitet-vile-luksoze-ne-farke-ne-nje-nga-rezidencat-me-te-mira-te-zones","status":"publish","type":"estate","link":"https:\/\/www.perla.al\/al\/properties\/villa\/tirane\/farke\/shitet-vile-luksoze-ne-farke-ne-nje-nga-rezidencat-me-te-mira-te-zones\/","title":{"rendered":"Shitet Vil\u00eb Luksoze n\u00eb Fark\u00eb \u2013 N\u00eb Nj\u00eb nga Rezidencat m\u00eb t\u00eb Mira t\u00eb Zon\u00ebs"},"content":{"rendered":"<p>Shitet Vil\u00eb Luksoze n\u00eb Fark\u00eb \u2013 N\u00eb Nj\u00eb nga Rezidencat m\u00eb t\u00eb Mira t\u00eb Zon\u00ebs<\/p>\n<p>N\u00eb zem\u00ebr t\u00eb nj\u00eb prej komplekseve m\u00eb elitare t\u00eb Fark\u00ebs, ofrohet p\u00ebr shitje nj\u00eb vil\u00eb ekskluzive, e rrethuar nga mur perimetrik p\u00ebr privat\u00ebsi maksimale dhe komoditet.<\/p>\n<p>\ud83c\udfe1 Karakteristikat kryesore t\u00eb vil\u00ebs:<\/p>\n<p>Sip\u00ebrfaqe e bollshme me organizim funksional<\/p>\n<p>Ambient ndenjeje dhe kuzhin\u00eb moderne me banak mermeri dhe veshje kuarci<\/p>\n<p>Studio, lavanderi dhe kantin\u00eb vere n\u00eb bodrum, nd\u00ebrtuar me dru qershie autentik<\/p>\n<p>4 dhoma gjumi dhe 5 tualete<\/p>\n<p>Palest\u00ebr e dedikuar<\/p>\n<p>Investime cil\u00ebsore n\u00eb mobilim, sistem sigurie me kamera dhe alarm<\/p>\n<p>Sistemi ngrohje-ftohje Daikin chiller<\/p>\n<p>Panel diellor, anten\u00eb digjitale dhe internet<\/p>\n<p>Oxhak dhe furr\u00eb funksionale n\u00eb oborr<\/p>\n<p>\ud83c\udf33 Hap\u00ebsirat e jashtme:<\/p>\n<p>Oborr i gjelb\u00ebruar me kujdes, me bar natyral, pem\u00eb dhe lule kacavjerr\u00ebse<\/p>\n<p>Tend\u00eb e madhe p\u00ebr evente apo pushime n\u00eb natyr\u00eb<\/p>\n<p>Infrastruktura e gatshme p\u00ebr vendosjen e nj\u00eb pishine (sistem tubacioni i instaluar)<br \/>\nSip ndertimi: 447 m2<br \/>\nSip trualli:1100 m2<br \/>\nNj\u00eb pron\u00eb ideale p\u00ebr familje q\u00eb k\u00ebrkojn\u00eb privat\u00ebsi, qet\u00ebsi dhe nj\u00eb standard t\u00eb lart\u00eb jetese vet\u00ebm pak minuta nga Tirana.<\/p>\n","protected":false},"author":15,"featured_media":31690,"template":"","class_list":["post-31691","estate","type-estate","status-publish","has-post-thumbnail","hentry","property-type-villa","offer-type-for-sale","neighborhood-farke","city-tirane","street-farke","certificate-yes","klient-ervin"],"translation":{"provider":"WPGlobus","version":"2.12.2","language":"al","enabled_languages":["en","al"],"languages":{"en":{"title":true,"content":true,"excerpt":false},"al":{"title":false,"content":false,"excerpt":false}}},"_links":{"self":[{"href":"https:\/\/www.perla.al\/al\/wp-json\/wp\/v2\/estate\/31691"}],"collection":[{"href":"https:\/\/www.perla.al\/al\/wp-json\/wp\/v2\/estate"}],"about":[{"href":"https:\/\/www.perla.al\/al\/wp-json\/wp\/v2\/types\/estate"}],"author":[{"embeddable":true,"href":"https:\/\/www.perla.al\/al\/wp-json\/wp\/v2\/users\/15"}],"wp:featuredmedia":[{"embeddable":true,"href":"https:\/\/www.perla.al\/al\/wp-json\/wp\/v2\/media\/31690"}],"wp:attachment":[{"href":"https:\/\/www.perla.al\/al\/wp-json\/wp\/v2\/media?parent=31691"}],"curies":[{"name":"wp","href":"https:\/\/api.w.org\/{rel}","templated":true}]}}

Shitet Vilë Luksoze në Farkë – Në Një nga Rezidencat më të Mira të Zonës

<p>Shitet Vilë Luksoze në Farkë – Në Një nga Rezidencat më të Mira të Zonës</p>
<p>Në zemër të një prej komplekseve më elitare të Farkës, ofrohet për shitje një vilë ekskluzive, e rrethuar nga mur perimetrik për privatësi maksimale dhe komoditet.</p>
<p>🏡 Karakteristikat kryesore të vilës:</p>
<p>Sipërfaqe e bollshme me organizim funksional</p>
<p>Ambient ndenjeje dhe kuzhinë moderne me banak mermeri dhe veshje kuarci</p>
<p>Studio, lavanderi dhe kantinë vere në bodrum, ndërtuar me dru qershie autentik</p>
<p>4 dhoma gjumi dhe 5 tualete</p>
<p>Palestër e dedikuar</p>
<p>Investime cilësore në mobilim, sistem sigurie me kamera dhe alarm</p>
<p>Sistemi ngrohje-ftohje Daikin chiller</p>
<p>Panel diellor, antenë digjitale dhe internet</p>
<p>Oxhak dhe furrë funksionale në oborr</p>
<p>🌳 Hapësirat e jashtme:</p>
<p>Oborr i gjelbëruar me kujdes, me bar natyral, pemë dhe lule kacavjerrëse</p>
<p>Tendë e madhe për evente apo pushime në natyrë</p>
<p>Infrastruktura e gatshme për vendosjen e një pishine (sistem tubacioni i instaluar)<br />
Sip ndertimi: 447 m2<br />
Sip trualli:1100 m2<br />
Një pronë ideale për familje që kërkojnë privatësi, qetësi dhe një standard të lartë jetese vetëm pak minuta nga Tirana.</p>
