{"id":31769,"date":"2025-05-16T08:59:55","date_gmt":"2025-05-16T06:59:55","guid":{"rendered":"https:\/\/www.perla.al\/?post_type=estate&#038;p=31769"},"modified":"2025-05-16T09:28:19","modified_gmt":"2025-05-16T07:28:19","slug":"jepet-me-qira-ambient-biznesi-liqeni-i-thate","status":"publish","type":"estate","link":"https:\/\/www.perla.al\/al\/properties\/shop\/tirane\/kopshti-zoologjik\/jepet-me-qira-ambient-biznesi-liqeni-i-thate\/","title":{"rendered":"Jepet me qira ambient biznesi, Liqeni i Thate"},"content":{"rendered":"<p>Jepet me qira ambient biznesi, Liqeni i Thate.<br \/>\nAmbienti ka nje siperfaqe prej 100 m2, ideal per zyra, klinika apo sherbime te ndryshme.<br \/>\nAkses te lehte me rrugen kryesore. Organizohet open-space dhe me nje ambient te vecuar.<br \/>\n\u00c7mimi: 550 euro\/qira mujore<\/p>\n<p>P\u00ebr nj\u00eb vizit\u00eb n\u00eb pron\u00eb ose m\u00eb shum\u00eb informacion, mos hezitoni t\u00eb na kontaktoni!<br \/>\nRemax Perla Real Estate kompania num\u00ebr nj\u00eb n\u00eb shqiperi p\u00ebr Pasurit\u00eb e Paluajtshme!<br \/>\nNe i japim vler\u00eb pron\u00ebs tuaj!<\/p>\n","protected":false},"author":15,"featured_media":31766,"template":"","class_list":["post-31769","estate","type-estate","status-publish","has-post-thumbnail","hentry","property-type-shop","offer-type-for-rent","neighborhood-kopshti-zoologjik","city-tirane","street-liqeni-i-thate","certificate-yes","klient-ervin"],"translation":{"provider":"WPGlobus","version":"2.12.2","language":"al","enabled_languages":["en","al"],"languages":{"en":{"title":true,"content":true,"excerpt":false},"al":{"title":false,"content":false,"excerpt":false}}},"_links":{"self":[{"href":"https:\/\/www.perla.al\/al\/wp-json\/wp\/v2\/estate\/31769"}],"collection":[{"href":"https:\/\/www.perla.al\/al\/wp-json\/wp\/v2\/estate"}],"about":[{"href":"https:\/\/www.perla.al\/al\/wp-json\/wp\/v2\/types\/estate"}],"author":[{"embeddable":true,"href":"https:\/\/www.perla.al\/al\/wp-json\/wp\/v2\/users\/15"}],"wp:featuredmedia":[{"embeddable":true,"href":"https:\/\/www.perla.al\/al\/wp-json\/wp\/v2\/media\/31766"}],"wp:attachment":[{"href":"https:\/\/www.perla.al\/al\/wp-json\/wp\/v2\/media?parent=31769"}],"curies":[{"name":"wp","href":"https:\/\/api.w.org\/{rel}","templated":true}]}}

<p>Jepet me qira ambient biznesi, Liqeni i Thate.<br />
Ambienti ka nje siperfaqe prej 100 m2, ideal per zyra, klinika apo sherbime te ndryshme.<br />
Akses te lehte me rrugen kryesore. Organizohet open-space dhe me nje ambient te vecuar.<br />
Çmimi: 550 euro/qira mujore</p>
<p>Për një vizitë në pronë ose më shumë informacion, mos hezitoni të na kontaktoni!<br />
Remax Perla Real Estate kompania numër një në shqiperi për Pasuritë e Paluajtshme!<br />
Ne i japim vlerë pronës tuaj!</p>
