{"id":31776,"date":"2025-05-16T09:02:15","date_gmt":"2025-05-16T07:02:15","guid":{"rendered":"https:\/\/www.perla.al\/al\/?post_type=estate&#038;p=31776"},"modified":"2025-05-21T10:36:09","modified_gmt":"2025-05-21T08:36:09","slug":"apartament-per-shitje-zogu-i-zi-tirane","status":"publish","type":"estate","link":"https:\/\/www.perla.al\/al\/properties\/apartment\/tirane\/zoguzi\/apartament-per-shitje-zogu-i-zi-tirane\/","title":{"rendered":"APARTAMENT PER SHITJE ZOGU I ZI TIRANE"},"content":{"rendered":"<p>Shitet apartament 1+1<\/p>\n<p>Sip\u00ebrfaqe bruto 71.92 met\u00ebr katror<br \/>\nSip\u00ebrfaqe neto 59.93 met\u00ebr katror<br \/>\n1 dhom\u00eb gjumi<br \/>\n1 tualet<\/p>\n<p>Punimet pritet t\u00eb mbarojn\u00eb n\u00eb janar 2027<\/p>\n<p>Disponojm\u00eb tipologji t\u00eb ndryshme apartamentesh 1+1, 2+1, 3+1, 4+1 dhe ambjente komerciale!<\/p>\n<p>P\u00ebr nj\u00eb vizit\u00eb n\u00eb pron\u00eb ose m\u00eb shum\u00eb informacion, mos hezitoni t\u00eb na kontaktoni!<br \/>\nRemax Perla Real Estate kompania num\u00ebr nj\u00eb n\u00eb shqiperi p\u00ebr Pasurit\u00eb e Paluajtshme!<br \/>\nNe i japim vler\u00eb pron\u00ebs tuaj!<\/p>\n","protected":false},"author":15,"featured_media":31775,"template":"","class_list":["post-31776","estate","type-estate","status-publish","has-post-thumbnail","hentry","property-type-apartment","offer-type-for-sale","neighborhood-zoguzi","city-tirane","street-rruga-dritan-hoxha","klient-https-www-remax-albania-com-sq-al-listime-apartament-per-shitje-zogu-i-zi-530571001-53"],"translation":{"provider":"WPGlobus","version":"2.12.2","language":"al","enabled_languages":["en","al"],"languages":{"en":{"title":true,"content":true,"excerpt":false},"al":{"title":false,"content":false,"excerpt":false}}},"_links":{"self":[{"href":"https:\/\/www.perla.al\/al\/wp-json\/wp\/v2\/estate\/31776"}],"collection":[{"href":"https:\/\/www.perla.al\/al\/wp-json\/wp\/v2\/estate"}],"about":[{"href":"https:\/\/www.perla.al\/al\/wp-json\/wp\/v2\/types\/estate"}],"author":[{"embeddable":true,"href":"https:\/\/www.perla.al\/al\/wp-json\/wp\/v2\/users\/15"}],"wp:featuredmedia":[{"embeddable":true,"href":"https:\/\/www.perla.al\/al\/wp-json\/wp\/v2\/media\/31775"}],"wp:attachment":[{"href":"https:\/\/www.perla.al\/al\/wp-json\/wp\/v2\/media?parent=31776"}],"curies":[{"name":"wp","href":"https:\/\/api.w.org\/{rel}","templated":true}]}}

<p>Shitet apartament 1+1</p>
<p>Sipërfaqe bruto 71.92 metër katror<br />
Sipërfaqe neto 59.93 metër katror<br />
1 dhomë gjumi<br />
1 tualet</p>
<p>Punimet pritet të mbarojnë në janar 2027</p>
<p>Disponojmë tipologji të ndryshme apartamentesh 1+1, 2+1, 3+1, 4+1 dhe ambjente komerciale!</p>
<p>Për një vizitë në pronë ose më shumë informacion, mos hezitoni të na kontaktoni!<br />
Remax Perla Real Estate kompania numër një në shqiperi për Pasuritë e Paluajtshme!<br />
Ne i japim vlerë pronës tuaj!</p>
