{"id":31879,"date":"2025-05-23T11:51:35","date_gmt":"2025-05-23T09:51:35","guid":{"rendered":"https:\/\/www.perla.al\/?post_type=estate&#038;p=31879"},"modified":"2025-05-23T11:51:35","modified_gmt":"2025-05-23T09:51:35","slug":"jepet-me-qira-zyre-rruga-xhanfize-keko","status":"publish","type":"estate","link":"https:\/\/www.perla.al\/al\/properties\/office\/albania\/kinostudio\/jepet-me-qira-zyre-rruga-xhanfize-keko\/","title":{"rendered":"JEPET ME QIRA ZYRE  RRUGA XHANFIZE KEKO"},"content":{"rendered":"<p>Jepet me qira 1000 m2 zyre rruga Xhanefizo Keko<br \/>\nIdeal per zyra call centeri<br \/>\nShume prane rruges kryesore, kati i pare banim.<br \/>\nKonsiderohte dhe ndarja e ambienteve me siperfaqe te konsiderueshme<br \/>\nFasade xhami e konsiderueshme<br \/>\nPer nje vizite ne prone me kontaktoni<br \/>\nP\u00ebr nj\u00eb vizit\u00eb n\u00eb pron\u00eb ose m\u00eb shum\u00eb informacion, mos hezitoni t\u00eb na kontaktoni!<br \/>\nRemax Perla Real Estate kompania num\u00ebr nj\u00eb n\u00eb shqiperi p\u00ebr Pasurit\u00eb e Paluajtshme!<br \/>\nNe i japim vler\u00eb pron\u00ebs tuaj!<\/p>\n","protected":false},"author":86,"featured_media":31878,"template":"","class_list":["post-31879","estate","type-estate","status-publish","has-post-thumbnail","hentry","property-type-office","offer-type-for-rent","neighborhood-kinostudio","city-albania","street-rruga-xhanfize-keko","klient-https-www-remax-albania-com-en-listings-office-for-rent-lease-rruga-xhanfize-keko-530481001-673langsq-al"],"translation":{"provider":"WPGlobus","version":"2.12.2","language":"al","enabled_languages":["en","al"],"languages":{"en":{"title":true,"content":true,"excerpt":false},"al":{"title":false,"content":false,"excerpt":false}}},"_links":{"self":[{"href":"https:\/\/www.perla.al\/al\/wp-json\/wp\/v2\/estate\/31879"}],"collection":[{"href":"https:\/\/www.perla.al\/al\/wp-json\/wp\/v2\/estate"}],"about":[{"href":"https:\/\/www.perla.al\/al\/wp-json\/wp\/v2\/types\/estate"}],"author":[{"embeddable":true,"href":"https:\/\/www.perla.al\/al\/wp-json\/wp\/v2\/users\/86"}],"wp:featuredmedia":[{"embeddable":true,"href":"https:\/\/www.perla.al\/al\/wp-json\/wp\/v2\/media\/31878"}],"wp:attachment":[{"href":"https:\/\/www.perla.al\/al\/wp-json\/wp\/v2\/media?parent=31879"}],"curies":[{"name":"wp","href":"https:\/\/api.w.org\/{rel}","templated":true}]}}

<p>Jepet me qira 1000 m2 zyre rruga Xhanefizo Keko<br />
Ideal per zyra call centeri<br />
Shume prane rruges kryesore, kati i pare banim.<br />
Konsiderohte dhe ndarja e ambienteve me siperfaqe te konsiderueshme<br />
Fasade xhami e konsiderueshme<br />
Per nje vizite ne prone me kontaktoni<br />
Për një vizitë në pronë ose më shumë informacion, mos hezitoni të na kontaktoni!<br />
Remax Perla Real Estate kompania numër një në shqiperi për Pasuritë e Paluajtshme!<br />
Ne i japim vlerë pronës tuaj!</p>
