{"id":31888,"date":"2025-05-24T12:23:06","date_gmt":"2025-05-24T10:23:06","guid":{"rendered":"https:\/\/www.perla.al\/?post_type=estate&#038;p=31888"},"modified":"2025-05-24T12:23:06","modified_gmt":"2025-05-24T10:23:06","slug":"apartament-per-qira-kodra-e-diellit-2-tirane","status":"publish","type":"estate","link":"https:\/\/www.perla.al\/al\/properties\/apartment\/tirane\/kodra-e-diellit2\/apartament-per-qira-kodra-e-diellit-2-tirane\/","title":{"rendered":"Apartament &#8211; P\u00ebr Qira &#8211; Kodra e Diellit 2, Tiran\u00eb"},"content":{"rendered":"<p>Ofrojme apartament 2+1 per qira tek Rezidenca Kodra e Diellit 2.<br \/>\nApartamenti organizohet ne nje sallon ndenje me ambjent gatimi, 2 dhoma gjumi, 1tualet, korridor dhe ballkon. Me nje mobilim bashkekohore .<br \/>\nRezidenca Kodra e Diellit ju ofron gjithe fasilitetet e nevojshme per nje jetese komode.<br \/>\nPreferohen familjare !<br \/>\nApartamenti lirohet ne date 5 Qershor!<\/p>\n<p>P\u00ebr nj\u00eb vizit\u00eb n\u00eb pron\u00eb ose m\u00eb shum\u00eb informacion, mos hezitoni t\u00eb na kontaktoni!<br \/>\nRemax Perla Real Estate kompania num\u00ebr nj\u00eb n\u00eb shqiperi p\u00ebr Pasurit\u00eb e Paluajtshme!<br \/>\nNe i japim vler\u00eb pron\u00ebs tuaj!<\/p>\n","protected":false},"author":15,"featured_media":31887,"template":"","class_list":["post-31888","estate","type-estate","status-publish","has-post-thumbnail","hentry","property-type-apartment","offer-type-for-rent","neighborhood-kodra-e-diellit2","city-tirane","street-kodra-e-diellit-2","certificate-yes","klient-https-www-remax-albania-com-en-listings-condo-apartment-for-rent-lease-kodra-e-diellitc2a02-kodra-e-diellit-2"],"translation":{"provider":"WPGlobus","version":"2.12.2","language":"al","enabled_languages":["en","al"],"languages":{"en":{"title":true,"content":true,"excerpt":false},"al":{"title":false,"content":false,"excerpt":false}}},"_links":{"self":[{"href":"https:\/\/www.perla.al\/al\/wp-json\/wp\/v2\/estate\/31888"}],"collection":[{"href":"https:\/\/www.perla.al\/al\/wp-json\/wp\/v2\/estate"}],"about":[{"href":"https:\/\/www.perla.al\/al\/wp-json\/wp\/v2\/types\/estate"}],"author":[{"embeddable":true,"href":"https:\/\/www.perla.al\/al\/wp-json\/wp\/v2\/users\/15"}],"wp:featuredmedia":[{"embeddable":true,"href":"https:\/\/www.perla.al\/al\/wp-json\/wp\/v2\/media\/31887"}],"wp:attachment":[{"href":"https:\/\/www.perla.al\/al\/wp-json\/wp\/v2\/media?parent=31888"}],"curies":[{"name":"wp","href":"https:\/\/api.w.org\/{rel}","templated":true}]}}

Apartament &#8211; Për Qira &#8211; Kodra e Diellit 2, Tiranë

<p>Ofrojme apartament 2+1 per qira tek Rezidenca Kodra e Diellit 2.<br />
Apartamenti organizohet ne nje sallon ndenje me ambjent gatimi, 2 dhoma gjumi, 1tualet, korridor dhe ballkon. Me nje mobilim bashkekohore .<br />
Rezidenca Kodra e Diellit ju ofron gjithe fasilitetet e nevojshme per nje jetese komode.<br />
Preferohen familjare !<br />
Apartamenti lirohet ne date 5 Qershor!</p>
<p>Për një vizitë në pronë ose më shumë informacion, mos hezitoni të na kontaktoni!<br />
Remax Perla Real Estate kompania numër një në shqiperi për Pasuritë e Paluajtshme!<br />
Ne i japim vlerë pronës tuaj!</p>
