{"id":31908,"date":"2025-05-24T13:20:10","date_gmt":"2025-05-24T11:20:10","guid":{"rendered":"https:\/\/www.perla.al\/?post_type=estate&#038;p=31908"},"modified":"2025-05-24T13:20:10","modified_gmt":"2025-05-24T11:20:10","slug":"office-for-rent-lease-blloku-tirane","status":"publish","type":"estate","link":"https:\/\/www.perla.al\/al\/properties\/office\/tirane\/bllok\/office-for-rent-lease-blloku-tirane\/","title":{"rendered":"Office &#8211; For Rent\/Lease &#8211; Blloku, Tiran\u00eb"},"content":{"rendered":"<p>Zyre me qira Rainbow Center!<\/p>\n<p>Rainbow Center p\u00ebrfaq\u00ebson jo vet\u00ebm nj\u00eb evoluim t\u00eb imazhit t\u00eb nd\u00ebrtimit n\u00eb Shqip\u00ebri, por edhe nj\u00eb epok\u00eb t\u00eb re t\u00eb standarteve t\u00eb kryeqytetit. Ky objekt ikonik i vendosur n\u00eb q\u00ebndr\u00ebn metropolitane synon t\u00eb shnd\u00ebrrohet n\u00eb nj\u00eb pik\u00eb referimi fal\u00eb stilit, funksionalitetit dhe indentitetit t\u00eb tij.<br \/>\nNdertimi karakterizohet nga pozicioni strategjik, teknologjia inovative, dhe dizajni unik. Projekti arkitekturor mban emrin e studios italiane Stefano Boeri Architetti.<\/p>\n<p>*Siperfaqe 150m2<br \/>\n*Organizimi Open Space<br \/>\n*Sistem qendror aspirimi dhe kondicionimi<\/p>\n<p>P\u00ebr nj\u00eb vizit\u00eb n\u00eb pron\u00eb ose m\u00eb shum\u00eb informacion, mos hezitoni t\u00eb na kontaktoni!<br \/>\nRemax Perla Real Estate kompania num\u00ebr nj\u00eb n\u00eb shqiperi p\u00ebr Pasurit\u00eb e Paluajtshme!<br \/>\nNe i japim vler\u00eb pron\u00ebs tuaj!<\/p>\n","protected":false},"author":15,"featured_media":31907,"template":"","class_list":["post-31908","estate","type-estate","status-publish","has-post-thumbnail","hentry","property-type-office","offer-type-for-rent","neighborhood-bllok","city-tirane","klient-https-www-remax-albania-com-en-listings-office-for-rent-lease-blloku-530181047-470"],"translation":{"provider":"WPGlobus","version":"2.12.2","language":"al","enabled_languages":["en","al"],"languages":{"en":{"title":true,"content":true,"excerpt":false},"al":{"title":false,"content":false,"excerpt":false}}},"_links":{"self":[{"href":"https:\/\/www.perla.al\/al\/wp-json\/wp\/v2\/estate\/31908"}],"collection":[{"href":"https:\/\/www.perla.al\/al\/wp-json\/wp\/v2\/estate"}],"about":[{"href":"https:\/\/www.perla.al\/al\/wp-json\/wp\/v2\/types\/estate"}],"author":[{"embeddable":true,"href":"https:\/\/www.perla.al\/al\/wp-json\/wp\/v2\/users\/15"}],"wp:featuredmedia":[{"embeddable":true,"href":"https:\/\/www.perla.al\/al\/wp-json\/wp\/v2\/media\/31907"}],"wp:attachment":[{"href":"https:\/\/www.perla.al\/al\/wp-json\/wp\/v2\/media?parent=31908"}],"curies":[{"name":"wp","href":"https:\/\/api.w.org\/{rel}","templated":true}]}}

Office &#8211; For Rent/Lease &#8211; Blloku, Tiranë

<p>Zyre me qira Rainbow Center!</p>
<p>Rainbow Center përfaqëson jo vetëm një evoluim të imazhit të ndërtimit në Shqipëri, por edhe një epokë të re të standarteve të kryeqytetit. Ky objekt ikonik i vendosur në qëndrën metropolitane synon të shndërrohet në një pikë referimi falë stilit, funksionalitetit dhe indentitetit të tij.<br />
Ndertimi karakterizohet nga pozicioni strategjik, teknologjia inovative, dhe dizajni unik. Projekti arkitekturor mban emrin e studios italiane Stefano Boeri Architetti.</p>
<p>*Siperfaqe 150m2<br />
*Organizimi Open Space<br />
*Sistem qendror aspirimi dhe kondicionimi</p>
<p>Për një vizitë në pronë ose më shumë informacion, mos hezitoni të na kontaktoni!<br />
Remax Perla Real Estate kompania numër një në shqiperi për Pasuritë e Paluajtshme!<br />
Ne i japim vlerë pronës tuaj!</p>
