{"id":31968,"date":"2025-06-09T08:40:12","date_gmt":"2025-06-09T06:40:12","guid":{"rendered":"https:\/\/www.perla.al\/?post_type=estate&#038;p=31968"},"modified":"2025-06-09T08:40:12","modified_gmt":"2025-06-09T06:40:12","slug":"jepet-me-qira-apartament-11-tek-kodra-e-diellit-3","status":"publish","type":"estate","link":"https:\/\/www.perla.al\/al\/properties\/apartment\/tirane\/kodra-e-diellit\/jepet-me-qira-apartament-11-tek-kodra-e-diellit-3\/","title":{"rendered":"JEPET ME QIRA APARTAMENT 1+1 TEK KODRA E DIELLIT"},"content":{"rendered":"<p>Jepet me qira apartament 1+1, Kodra e Diellit, prane Big Market.<br \/>\nNdodhet ne katin e 3-te, pa ashensor.<br \/>\nOrganizohet ne nje dhome gjumi, sallon &amp; kuzhine dhe nje tualet.<br \/>\nNe cmim perfshihet pagesa mujore e internetit, ujit dhe administrimi i pallatit.<\/p>\n<p>Siperfaqa:60m2<br \/>\nCmimi:550euro\/muaji<\/p>\n<p>P\u00ebr nj\u00eb vizit\u00eb n\u00eb pron\u00eb ose m\u00eb shum\u00eb informacion, mos hezitoni t\u00eb na kontaktoni!<br \/>\nRemax Perla Real Estate kompania num\u00ebr nj\u00eb n\u00eb shqiperi p\u00ebr Pasurit\u00eb e Paluajtshme!<br \/>\nNe i japim vler\u00eb pron\u00ebs tuaj!<\/p>\n","protected":false},"author":86,"featured_media":31967,"template":"","class_list":["post-31968","estate","type-estate","status-publish","has-post-thumbnail","hentry","property-type-apartment","offer-type-for-rent","neighborhood-kodra-e-diellit","city-tirane","street-kodra-e-dielit","certificate-yes","klient-https-www-remax-albania-com-sq-al-listime-apartament-per-qira-rruga-rrapo-hekali-kodra-e-diellit-530471005-118"],"translation":{"provider":"WPGlobus","version":"2.12.2","language":"al","enabled_languages":["en","al"],"languages":{"en":{"title":true,"content":true,"excerpt":false},"al":{"title":false,"content":false,"excerpt":false}}},"_links":{"self":[{"href":"https:\/\/www.perla.al\/al\/wp-json\/wp\/v2\/estate\/31968"}],"collection":[{"href":"https:\/\/www.perla.al\/al\/wp-json\/wp\/v2\/estate"}],"about":[{"href":"https:\/\/www.perla.al\/al\/wp-json\/wp\/v2\/types\/estate"}],"author":[{"embeddable":true,"href":"https:\/\/www.perla.al\/al\/wp-json\/wp\/v2\/users\/86"}],"wp:featuredmedia":[{"embeddable":true,"href":"https:\/\/www.perla.al\/al\/wp-json\/wp\/v2\/media\/31967"}],"wp:attachment":[{"href":"https:\/\/www.perla.al\/al\/wp-json\/wp\/v2\/media?parent=31968"}],"curies":[{"name":"wp","href":"https:\/\/api.w.org\/{rel}","templated":true}]}}

<p>Jepet me qira apartament 1+1, Kodra e Diellit, prane Big Market.<br />
Ndodhet ne katin e 3-te, pa ashensor.<br />
Organizohet ne nje dhome gjumi, sallon &amp; kuzhine dhe nje tualet.<br />
Ne cmim perfshihet pagesa mujore e internetit, ujit dhe administrimi i pallatit.</p>
<p>Siperfaqa:60m2<br />
Cmimi:550euro/muaji</p>
<p>Për një vizitë në pronë ose më shumë informacion, mos hezitoni të na kontaktoni!<br />
Remax Perla Real Estate kompania numër një në shqiperi për Pasuritë e Paluajtshme!<br />
Ne i japim vlerë pronës tuaj!</p>
