{"id":32098,"date":"2025-06-13T10:39:03","date_gmt":"2025-06-13T08:39:03","guid":{"rendered":"https:\/\/www.perla.al\/?post_type=estate&#038;p=32098"},"modified":"2025-06-13T11:25:40","modified_gmt":"2025-06-13T09:25:40","slug":"apartament-per-qira-kodra-e-diellit-1-tirane","status":"publish","type":"estate","link":"https:\/\/www.perla.al\/al\/properties\/apartment\/tirane\/kodra-e-dielli-1\/apartament-per-qira-kodra-e-diellit-1-tirane\/","title":{"rendered":"Apartament &#8211; P\u00ebr Qira &#8211; Kodra e Diellit 1, Tiran\u00eb"},"content":{"rendered":"<p>Apartament 1+1 me qira &#8211; Verand\u00eb e<br \/>\nbollshme, kati i 2-t\u00eb<br \/>\nOfrohet me qira nj\u00eb apartament komod<br \/>\n1+1 me sip\u00ebrfaqe neto 49.5 m\u00b2, i<br \/>\npozicionuar n\u00eb katin e 2-t\u00eb t\u00eb nj\u00eb<br \/>\nnd\u00ebrtese t\u00eb mir\u00ebmbajtur. Ambienti \u00ebsht\u00eb<br \/>\ni organizuar n\u00eb m\u00ebnyr\u00eb funksionale dhe<br \/>\np\u0113rfshin.<br \/>\nDhom\u00eb ndenjeje + kuzhin\u00eb n\u00eb nj\u00eb<br \/>\nambient t\u00eb hapur<br \/>\nDhom\u00eb gjumi<br \/>\nTualet<br \/>\nVerand\u00eb private 12 m\u00b2,<br \/>\nApartamenti ofrohet me cmimin 550 euro\/ muaji bruto.<\/p>\n","protected":false},"author":86,"featured_media":32096,"template":"","class_list":["post-32098","estate","type-estate","status-publish","has-post-thumbnail","hentry","property-type-apartment","offer-type-for-rent","neighborhood-kodra-e-dielli-1","city-tirane","street-kodra-e-dielli-1","klient-https-www-remax-albania-com-en-listings-condo-apartment-for-rent-lease-kodra-e-diellit-1-530181092-5langsq-al"],"translation":{"provider":"WPGlobus","version":"2.12.2","language":"al","enabled_languages":["en","al"],"languages":{"en":{"title":true,"content":true,"excerpt":false},"al":{"title":false,"content":false,"excerpt":false}}},"_links":{"self":[{"href":"https:\/\/www.perla.al\/al\/wp-json\/wp\/v2\/estate\/32098"}],"collection":[{"href":"https:\/\/www.perla.al\/al\/wp-json\/wp\/v2\/estate"}],"about":[{"href":"https:\/\/www.perla.al\/al\/wp-json\/wp\/v2\/types\/estate"}],"author":[{"embeddable":true,"href":"https:\/\/www.perla.al\/al\/wp-json\/wp\/v2\/users\/86"}],"wp:featuredmedia":[{"embeddable":true,"href":"https:\/\/www.perla.al\/al\/wp-json\/wp\/v2\/media\/32096"}],"wp:attachment":[{"href":"https:\/\/www.perla.al\/al\/wp-json\/wp\/v2\/media?parent=32098"}],"curies":[{"name":"wp","href":"https:\/\/api.w.org\/{rel}","templated":true}]}}

Apartament &#8211; Për Qira &#8211; Kodra e Diellit 1, Tiranë

<p>Apartament 1+1 me qira &#8211; Verandë e<br />
bollshme, kati i 2-të<br />
Ofrohet me qira një apartament komod<br />
1+1 me sipërfaqe neto 49.5 m², i<br />
pozicionuar në katin e 2-të të një<br />
ndërtese të mirëmbajtur. Ambienti është<br />
i organizuar në mënyrë funksionale dhe<br />
pērfshin.<br />
Dhomë ndenjeje + kuzhinë në një<br />
ambient të hapur<br />
Dhomë gjumi<br />
Tualet<br />
Verandë private 12 m²,<br />
Apartamenti ofrohet me cmimin 550 euro/ muaji bruto.</p>
