{"id":32167,"date":"2025-06-13T17:22:26","date_gmt":"2025-06-13T15:22:26","guid":{"rendered":"https:\/\/www.perla.al\/?post_type=estate&#038;p=32167"},"modified":"2025-06-13T17:22:26","modified_gmt":"2025-06-13T15:22:26","slug":"apartament-per-qira-kompleksi-delijorgji-tirane-2","status":"publish","type":"estate","link":"https:\/\/www.perla.al\/al\/properties\/apartment\/tirane\/kompleksi-deliorgji\/apartament-per-qira-kompleksi-delijorgji-tirane-2\/","title":{"rendered":"Apartament &#8211; P\u00ebr Qira &#8211; Kompleksi Delijorgji, Tiran\u00eb"},"content":{"rendered":"<p>Ofrojme per qira apartment 2+1+2 bashke me post parkimi tek kompleksi delijorgji.<br \/>\nSiperfaqa e apartamentit 114m2, kati 5.<br \/>\nOrganizohet ne ambient ndenje dhe gatimi te bollshem, 2 dhoma gjumi , 2 tualete dhe 2 ballkone.<br \/>\nDisponon dhe post parkimi   -1   <\/p>\n<p>P\u00ebr nj\u00eb vizit\u00eb n\u00eb pron\u00eb ose m\u00eb shum\u00eb informacion, mos hezitoni t\u00eb na kontaktoni!<\/p>\n<p>Remax Perla Real Estate kompania num\u00ebr nj\u00eb n\u00eb shqiperi p\u00ebr Pasurit\u00eb e Paluajtshme!<br \/>\nNe i japim vler\u00eb pron\u00ebs tuaj!<\/p>\n","protected":false},"author":15,"featured_media":32166,"template":"","class_list":["post-32167","estate","type-estate","status-publish","has-post-thumbnail","hentry","property-type-apartment","offer-type-for-rent","neighborhood-kompleksi-deliorgji","city-tirane","street-rruga-kavajes","klient-https-www-remax-albania-com-sq-al-listime-apartament-per-qira-kompleksi-delijorgji-530261083-30"],"translation":{"provider":"WPGlobus","version":"2.12.2","language":"al","enabled_languages":["en","al"],"languages":{"en":{"title":true,"content":true,"excerpt":false},"al":{"title":false,"content":false,"excerpt":false}}},"_links":{"self":[{"href":"https:\/\/www.perla.al\/al\/wp-json\/wp\/v2\/estate\/32167"}],"collection":[{"href":"https:\/\/www.perla.al\/al\/wp-json\/wp\/v2\/estate"}],"about":[{"href":"https:\/\/www.perla.al\/al\/wp-json\/wp\/v2\/types\/estate"}],"author":[{"embeddable":true,"href":"https:\/\/www.perla.al\/al\/wp-json\/wp\/v2\/users\/15"}],"wp:featuredmedia":[{"embeddable":true,"href":"https:\/\/www.perla.al\/al\/wp-json\/wp\/v2\/media\/32166"}],"wp:attachment":[{"href":"https:\/\/www.perla.al\/al\/wp-json\/wp\/v2\/media?parent=32167"}],"curies":[{"name":"wp","href":"https:\/\/api.w.org\/{rel}","templated":true}]}}

Apartament &#8211; Për Qira &#8211; Kompleksi Delijorgji, Tiranë

<p>Ofrojme per qira apartment 2+1+2 bashke me post parkimi tek kompleksi delijorgji.<br />
Siperfaqa e apartamentit 114m2, kati 5.<br />
Organizohet ne ambient ndenje dhe gatimi te bollshem, 2 dhoma gjumi , 2 tualete dhe 2 ballkone.<br />
Disponon dhe post parkimi   -1   </p>
<p>Për një vizitë në pronë ose më shumë informacion, mos hezitoni të na kontaktoni!</p>
<p>Remax Perla Real Estate kompania numër një në shqiperi për Pasuritë e Paluajtshme!<br />
Ne i japim vlerë pronës tuaj!</p>
