{"id":32287,"date":"2025-06-18T13:09:38","date_gmt":"2025-06-18T11:09:38","guid":{"rendered":"https:\/\/www.perla.al\/?post_type=estate&#038;p=32287"},"modified":"2025-06-18T13:09:38","modified_gmt":"2025-06-18T11:09:38","slug":"apartament-per-qira-ish-fusha-e-aviacionit-tirane","status":"publish","type":"estate","link":"https:\/\/www.perla.al\/al\/properties\/apartment\/tirane\/ish-fusha-aviacionit\/apartament-per-qira-ish-fusha-e-aviacionit-tirane\/","title":{"rendered":"Apartament &#8211; P\u00ebr Qira &#8211; Ish Fusha e Aviacionit, Tiran\u00eb"},"content":{"rendered":"<p>Apartament 2+1 +2 me qira te Fusha e Aviacionit!<\/p>\n<p>Apartamenti ndodhet te &#8220;Oasis Residence&#8221;, Apartamenti ka nje siperfaqe totale prej 105 m2. Organizohet ne 2 dhoma gjumi, nje sallon te bollshem , 2 tualete dhe nje ballkon.<\/p>\n<p>Cmimi nuk perfshin tatimin ne burim!!<\/p>\n<p>P\u00ebr nj\u00eb vizit\u00eb n\u00eb pron\u00eb ose m\u00eb shum\u00eb informacion, mos hezitoni t\u00eb na kontaktoni!<\/p>\n<p>Remax Perla Real Estate kompania num\u00ebr nj\u00eb n\u00eb shqiperi p\u00ebr Pasurit\u00eb e Paluajtshme!<br \/>\nNe i japim vler\u00eb pron\u00ebs tuaj!<\/p>\n","protected":false},"author":15,"featured_media":32286,"template":"","class_list":["post-32287","estate","type-estate","status-publish","has-post-thumbnail","hentry","property-type-apartment","offer-type-for-rent","neighborhood-ish-fusha-aviacionit","city-tirane","street-rruga-nexho-konomi","klient-https-www-remax-albania-com-sq-al-listime-apartament-per-qira-ish-fusha-e-aviacionit-tirane-530181045-686"],"translation":{"provider":"WPGlobus","version":"2.12.2","language":"al","enabled_languages":["en","al"],"languages":{"en":{"title":true,"content":true,"excerpt":false},"al":{"title":false,"content":false,"excerpt":false}}},"_links":{"self":[{"href":"https:\/\/www.perla.al\/al\/wp-json\/wp\/v2\/estate\/32287"}],"collection":[{"href":"https:\/\/www.perla.al\/al\/wp-json\/wp\/v2\/estate"}],"about":[{"href":"https:\/\/www.perla.al\/al\/wp-json\/wp\/v2\/types\/estate"}],"author":[{"embeddable":true,"href":"https:\/\/www.perla.al\/al\/wp-json\/wp\/v2\/users\/15"}],"wp:featuredmedia":[{"embeddable":true,"href":"https:\/\/www.perla.al\/al\/wp-json\/wp\/v2\/media\/32286"}],"wp:attachment":[{"href":"https:\/\/www.perla.al\/al\/wp-json\/wp\/v2\/media?parent=32287"}],"curies":[{"name":"wp","href":"https:\/\/api.w.org\/{rel}","templated":true}]}}

Apartament &#8211; Për Qira &#8211; Ish Fusha e Aviacionit, Tiranë

<p>Apartament 2+1 +2 me qira te Fusha e Aviacionit!</p>
<p>Apartamenti ndodhet te &#8220;Oasis Residence&#8221;, Apartamenti ka nje siperfaqe totale prej 105 m2. Organizohet ne 2 dhoma gjumi, nje sallon te bollshem , 2 tualete dhe nje ballkon.</p>
<p>Cmimi nuk perfshin tatimin ne burim!!</p>
<p>Për një vizitë në pronë ose më shumë informacion, mos hezitoni të na kontaktoni!</p>
<p>Remax Perla Real Estate kompania numër një në shqiperi për Pasuritë e Paluajtshme!<br />
Ne i japim vlerë pronës tuaj!</p>
