{"id":32300,"date":"2025-06-18T13:09:57","date_gmt":"2025-06-18T11:09:57","guid":{"rendered":"https:\/\/www.perla.al\/?post_type=estate&#038;p=32300"},"modified":"2025-06-18T13:09:57","modified_gmt":"2025-06-18T11:09:57","slug":"jepet-me-qira-apartament-21-ne-rrugen-don-bosko","status":"publish","type":"estate","link":"https:\/\/www.perla.al\/al\/properties\/apartment\/tirane\/don-bosko\/jepet-me-qira-apartament-21-ne-rrugen-don-bosko\/","title":{"rendered":"JEPET ME QIRA APARTAMENT 2+1 NE RRUGEN DON BOSKO"},"content":{"rendered":"<p>Ofrohet apartament per qira prane Kompleksit Trio Tower, Don Bosko, ne nje pallat te ri te sapo perfunduar.<br \/>\nApartamenti ofrohet bosh per banim ose zyre.<br \/>\nKati 3 banim, pallat i ri me ashensor.<br \/>\nOrganizohet ne 3 ambiente,dy tualete dhe ballkon.<\/p>\n<p>Siperfaqa:99m2<br \/>\nCmimi:750euro\/muaji<\/p>\n<p>P\u00ebr nj\u00eb vizit\u00eb n\u00eb pron\u00eb ose m\u00eb shum\u00eb informacion, mos hezitoni t\u00eb na kontaktoni!<br \/>\nRemax Perla Real Estate kompania num\u00ebr nj\u00eb n\u00eb shqiperi p\u00ebr Pasurit\u00eb e Paluajtshme!<br \/>\nNe i japim vler\u00eb\u00a0pron\u00ebs\u00a0tuaj!<\/p>\n","protected":false},"author":86,"featured_media":32299,"template":"","class_list":["post-32300","estate","type-estate","status-publish","has-post-thumbnail","hentry","property-type-apartment","offer-type-for-rent","neighborhood-don-bosko","city-tirane","street-don-bosko","certificate-yes","klient-https-www-remax-albania-com-en-listings-condo-apartment-for-rent-lease-rruga-don-bosko-don-bokso-530191058-195"],"translation":{"provider":"WPGlobus","version":"2.12.2","language":"al","enabled_languages":["en","al"],"languages":{"en":{"title":true,"content":true,"excerpt":false},"al":{"title":false,"content":false,"excerpt":false}}},"_links":{"self":[{"href":"https:\/\/www.perla.al\/al\/wp-json\/wp\/v2\/estate\/32300"}],"collection":[{"href":"https:\/\/www.perla.al\/al\/wp-json\/wp\/v2\/estate"}],"about":[{"href":"https:\/\/www.perla.al\/al\/wp-json\/wp\/v2\/types\/estate"}],"author":[{"embeddable":true,"href":"https:\/\/www.perla.al\/al\/wp-json\/wp\/v2\/users\/86"}],"wp:featuredmedia":[{"embeddable":true,"href":"https:\/\/www.perla.al\/al\/wp-json\/wp\/v2\/media\/32299"}],"wp:attachment":[{"href":"https:\/\/www.perla.al\/al\/wp-json\/wp\/v2\/media?parent=32300"}],"curies":[{"name":"wp","href":"https:\/\/api.w.org\/{rel}","templated":true}]}}

<p>Ofrohet apartament per qira prane Kompleksit Trio Tower, Don Bosko, ne nje pallat te ri te sapo perfunduar.<br />
Apartamenti ofrohet bosh per banim ose zyre.<br />
Kati 3 banim, pallat i ri me ashensor.<br />
Organizohet ne 3 ambiente,dy tualete dhe ballkon.</p>
<p>Siperfaqa:99m2<br />
Cmimi:750euro/muaji</p>
<p>Për një vizitë në pronë ose më shumë informacion, mos hezitoni të na kontaktoni!<br />
Remax Perla Real Estate kompania numër një në shqiperi për Pasuritë e Paluajtshme!<br />
Ne i japim vlerë pronës tuaj!</p>
