{"id":32429,"date":"2025-06-24T12:00:12","date_gmt":"2025-06-24T10:00:12","guid":{"rendered":"https:\/\/www.perla.al\/?post_type=estate&#038;p=32429"},"modified":"2025-06-24T12:00:12","modified_gmt":"2025-06-24T10:00:12","slug":"apartament-per-shitje-materniteti-i-ri-tirane","status":"publish","type":"estate","link":"https:\/\/www.perla.al\/al\/properties\/apartment\/tirane\/brryli\/apartament-per-shitje-materniteti-i-ri-tirane\/","title":{"rendered":"Apartament &#8211; P\u00ebr Shitje &#8211; Materniteti i Ri, Tiran\u00eb"},"content":{"rendered":"<p>\ud83d\udccdBrryli, Materniteti i Ri<br \/>\n\ud83c\udfe1Apartamenti jepet i mobiluar<br \/>\n\ud83d\udcd0Sip\u00ebrfaqe bruto 140 met\u00ebr katror<br \/>\n\ud83d\udcd0Sip\u00ebrfaqe neto 127 met\u00ebr katror<br \/>\n\u2b06\ufe0fKati i tret\u00eb me ashensor<br \/>\n\ud83d\udecb\ufe0f 1 sallon<br \/>\n\ud83d\udecc\ud83c\udffb3 dhoma gjumi<br \/>\n\ud83d\udec1 2 tualete (t\u00eb dyja me dritare)<br \/>\nOrientimi Jug-Lindje<br \/>\nCertifikat\u00eb pron\u00ebsie<br \/>\n\ud83d\udcb6210.000EUR<\/p>\n<p>P\u00ebr nj\u00eb vizit\u00eb n\u00eb pron\u00eb ose m\u00eb shum\u00eb informacion, mos hezitoni t\u00eb na kontaktoni!<\/p>\n<p>Remax Perla Real Estate kompania num\u00ebr nj\u00eb n\u00eb shqiperi p\u00ebr Pasurit\u00eb e Paluajtshme!<br \/>\nNe i japim vler\u00eb pron\u00ebs tuaj!<\/p>\n","protected":false},"author":86,"featured_media":32428,"template":"","class_list":["post-32429","estate","type-estate","status-publish","has-post-thumbnail","hentry","property-type-apartment","offer-type-for-sale","neighborhood-brryli","city-tirane","street-brryli","klient-https-www-remax-albania-com-530571001-79"],"translation":{"provider":"WPGlobus","version":"2.12.2","language":"al","enabled_languages":["en","al"],"languages":{"en":{"title":true,"content":true,"excerpt":false},"al":{"title":false,"content":false,"excerpt":false}}},"_links":{"self":[{"href":"https:\/\/www.perla.al\/al\/wp-json\/wp\/v2\/estate\/32429"}],"collection":[{"href":"https:\/\/www.perla.al\/al\/wp-json\/wp\/v2\/estate"}],"about":[{"href":"https:\/\/www.perla.al\/al\/wp-json\/wp\/v2\/types\/estate"}],"author":[{"embeddable":true,"href":"https:\/\/www.perla.al\/al\/wp-json\/wp\/v2\/users\/86"}],"wp:featuredmedia":[{"embeddable":true,"href":"https:\/\/www.perla.al\/al\/wp-json\/wp\/v2\/media\/32428"}],"wp:attachment":[{"href":"https:\/\/www.perla.al\/al\/wp-json\/wp\/v2\/media?parent=32429"}],"curies":[{"name":"wp","href":"https:\/\/api.w.org\/{rel}","templated":true}]}}

Apartament &#8211; Për Shitje &#8211; Materniteti i Ri, Tiranë

<p>📍Brryli, Materniteti i Ri<br />
🏡Apartamenti jepet i mobiluar<br />
📐Sipërfaqe bruto 140 metër katror<br />
📐Sipërfaqe neto 127 metër katror<br />
⬆️Kati i tretë me ashensor<br />
🛋️ 1 sallon<br />
🛌🏻3 dhoma gjumi<br />
🛁 2 tualete (të dyja me dritare)<br />
Orientimi Jug-Lindje<br />
Certifikatë pronësie<br />
💶210.000EUR</p>
<p>Për një vizitë në pronë ose më shumë informacion, mos hezitoni të na kontaktoni!</p>
<p>Remax Perla Real Estate kompania numër një në shqiperi për Pasuritë e Paluajtshme!<br />
Ne i japim vlerë pronës tuaj!</p>
