{"id":32447,"date":"2025-06-24T12:01:40","date_gmt":"2025-06-24T10:01:40","guid":{"rendered":"https:\/\/www.perla.al\/?post_type=estate&#038;p=32447"},"modified":"2025-06-24T12:01:40","modified_gmt":"2025-06-24T10:01:40","slug":"apartament-per-shitje-univers-city-tirane","status":"publish","type":"estate","link":"https:\/\/www.perla.al\/al\/properties\/apartment\/tirane\/univers-city\/apartament-per-shitje-univers-city-tirane\/","title":{"rendered":"Apartament &#8211; P\u00ebr Shitje &#8211; Univers City, Tiran\u00eb"},"content":{"rendered":"<p>Apartamenti ndodhet tek Kompleksi Univers city.<\/p>\n<p>Informacion mbi pronen:<br \/>\n-Ndertim i ri<br \/>\n-Siperfaqe bruto 91.31 m2<br \/>\n-Siperfaqe neto 77.43 m2<\/p>\n<p>Organizimi:<br \/>\n-Sallon ndenje<br \/>\n-Ambient gatimi<br \/>\n-2 dhoma gjumi<br \/>\n-2 tuale<br \/>\n-Ballkon<\/p>\n<p>P\u00ebr nj\u00eb vizit\u00eb n\u00eb pron\u00eb ose m\u00eb shum\u00eb informacion, mos hezitoni t\u00eb na kontaktoni!<\/p>\n<p>Remax Perla Real Estate kompania num\u00ebr nj\u00eb n\u00eb shqiperi p\u00ebr Pasurit\u00eb e Paluajtshme!<br \/>\nNe i japim vler\u00eb pron\u00ebs tuaj!<\/p>\n","protected":false},"author":86,"featured_media":32446,"template":"","class_list":["post-32447","estate","type-estate","status-publish","has-post-thumbnail","hentry","property-type-apartment","offer-type-for-sale","neighborhood-univers-city","city-tirane","street-rruga-koka-kola","klient-https-www-remax-albania-com-sq-al-listime-apartament-per-shitje-univers-city-530361016-197"],"translation":{"provider":"WPGlobus","version":"2.12.2","language":"al","enabled_languages":["en","al"],"languages":{"en":{"title":true,"content":true,"excerpt":false},"al":{"title":false,"content":false,"excerpt":false}}},"_links":{"self":[{"href":"https:\/\/www.perla.al\/al\/wp-json\/wp\/v2\/estate\/32447"}],"collection":[{"href":"https:\/\/www.perla.al\/al\/wp-json\/wp\/v2\/estate"}],"about":[{"href":"https:\/\/www.perla.al\/al\/wp-json\/wp\/v2\/types\/estate"}],"author":[{"embeddable":true,"href":"https:\/\/www.perla.al\/al\/wp-json\/wp\/v2\/users\/86"}],"wp:featuredmedia":[{"embeddable":true,"href":"https:\/\/www.perla.al\/al\/wp-json\/wp\/v2\/media\/32446"}],"wp:attachment":[{"href":"https:\/\/www.perla.al\/al\/wp-json\/wp\/v2\/media?parent=32447"}],"curies":[{"name":"wp","href":"https:\/\/api.w.org\/{rel}","templated":true}]}}

Apartament &#8211; Për Shitje &#8211; Univers City, Tiranë

<p>Apartamenti ndodhet tek Kompleksi Univers city.</p>
<p>Informacion mbi pronen:<br />
-Ndertim i ri<br />
-Siperfaqe bruto 91.31 m2<br />
-Siperfaqe neto 77.43 m2</p>
<p>Organizimi:<br />
-Sallon ndenje<br />
-Ambient gatimi<br />
-2 dhoma gjumi<br />
-2 tuale<br />
-Ballkon</p>
<p>Për një vizitë në pronë ose më shumë informacion, mos hezitoni të na kontaktoni!</p>
<p>Remax Perla Real Estate kompania numër një në shqiperi për Pasuritë e Paluajtshme!<br />
Ne i japim vlerë pronës tuaj!</p>
