{"id":32513,"date":"2025-07-01T17:10:03","date_gmt":"2025-07-01T15:10:03","guid":{"rendered":"https:\/\/www.perla.al\/?post_type=estate&#038;p=32513"},"modified":"2025-07-02T10:03:55","modified_gmt":"2025-07-02T08:03:55","slug":"zyre-per-qira-bulevardi-gjergj-fishta-tirane","status":"publish","type":"estate","link":"https:\/\/www.perla.al\/al\/properties\/office\/tirane\/bulevardigjergjfishta\/zyre-per-qira-bulevardi-gjergj-fishta-tirane\/","title":{"rendered":"Zyr\u00eb &#8211; P\u00ebr Qira &#8211; Bulevardi Gjergj Fishta, Tiran\u00eb"},"content":{"rendered":"<p>Zyra me qira ne Blv. Gjergj Fishta, prane Hilton!<br \/>\n\ud83d\udccd Vendndodhje strategjike, n\u00eb nj\u00eb nga zonat m\u00eb t\u00eb k\u00ebrkuara t\u00eb Tiran\u00ebs.<\/p>\n<p>Ambienti organizohet n\u00eb 5 zyra t\u00eb bollshme, me nj\u00eb sip\u00ebrfaqe neto prej 190 m\u00b2, duke ofruar hap\u00ebsir\u00ebn e duhur p\u00ebr \u00e7do lloj aktiviteti profesional apo administrativ.<\/p>\n<p>\ud83d\udd39 Ndri\u00e7im natyral<br \/>\n\ud83d\udd39 Ambient funksional dhe leht\u00ebsisht i p\u00ebrshtatsh\u00ebm sipas nevojave tuaja<br \/>\n\ud83d\udd39 Akses i shpejt\u00eb n\u00eb rrug\u00ebt kryesore dhe sh\u00ebrbime <\/p>\n<p>P\u00ebr nj\u00eb vizit\u00eb n\u00eb pron\u00eb ose m\u00eb shum\u00eb informacion, mos hezitoni t\u00eb na kontaktoni!<br \/>\nRemax Perla Real Estate kompania num\u00ebr nj\u00eb n\u00eb shqiperi p\u00ebr Pasurit\u00eb e Paluajtshme!<br \/>\nNe i japim vler\u00eb pron\u00ebs tuaj!<\/p>\n","protected":false},"author":86,"featured_media":32512,"template":"","class_list":["post-32513","estate","type-estate","status-publish","has-post-thumbnail","hentry","property-type-office","offer-type-for-rent","neighborhood-bulevardigjergjfishta","city-tirane","street-bulevardi-gjergj-fishta","klient-https-www-remax-albania-com-sq-al-listime-zyre-per-qira-bulevardi-gjergj-fishta-530181003-405"],"translation":{"provider":"WPGlobus","version":"2.12.2","language":"al","enabled_languages":["en","al"],"languages":{"en":{"title":true,"content":true,"excerpt":false},"al":{"title":false,"content":false,"excerpt":false}}},"_links":{"self":[{"href":"https:\/\/www.perla.al\/al\/wp-json\/wp\/v2\/estate\/32513"}],"collection":[{"href":"https:\/\/www.perla.al\/al\/wp-json\/wp\/v2\/estate"}],"about":[{"href":"https:\/\/www.perla.al\/al\/wp-json\/wp\/v2\/types\/estate"}],"author":[{"embeddable":true,"href":"https:\/\/www.perla.al\/al\/wp-json\/wp\/v2\/users\/86"}],"wp:featuredmedia":[{"embeddable":true,"href":"https:\/\/www.perla.al\/al\/wp-json\/wp\/v2\/media\/32512"}],"wp:attachment":[{"href":"https:\/\/www.perla.al\/al\/wp-json\/wp\/v2\/media?parent=32513"}],"curies":[{"name":"wp","href":"https:\/\/api.w.org\/{rel}","templated":true}]}}

Zyrë &#8211; Për Qira &#8211; Bulevardi Gjergj Fishta, Tiranë

<p>Zyra me qira ne Blv. Gjergj Fishta, prane Hilton!<br />
📍 Vendndodhje strategjike, në një nga zonat më të kërkuara të Tiranës.</p>
<p>Ambienti organizohet në 5 zyra të bollshme, me një sipërfaqe neto prej 190 m², duke ofruar hapësirën e duhur për çdo lloj aktiviteti profesional apo administrativ.</p>
<p>🔹 Ndriçim natyral<br />
🔹 Ambient funksional dhe lehtësisht i përshtatshëm sipas nevojave tuaja<br />
🔹 Akses i shpejtë në rrugët kryesore dhe shërbime </p>
<p>Për një vizitë në pronë ose më shumë informacion, mos hezitoni të na kontaktoni!<br />
Remax Perla Real Estate kompania numër një në shqiperi për Pasuritë e Paluajtshme!<br />
Ne i japim vlerë pronës tuaj!</p>
