{"id":32534,"date":"2025-07-02T11:47:51","date_gmt":"2025-07-02T09:47:51","guid":{"rendered":"https:\/\/www.perla.al\/?post_type=estate&#038;p=32534"},"modified":"2025-07-02T11:47:51","modified_gmt":"2025-07-02T09:47:51","slug":"zyre-per-qira-rruga-abdi-toptani-tirane","status":"publish","type":"estate","link":"https:\/\/www.perla.al\/al\/properties\/office\/tirane\/toptani-center\/zyre-per-qira-rruga-abdi-toptani-tirane\/","title":{"rendered":"Zyr\u00eb &#8211; P\u00ebr Qira &#8211; Rruga Abdi Toptani, Tiran\u00eb"},"content":{"rendered":"<p>Jepet zyre per qira tek Torre Drini.<br \/>\nAmbienti ka nje siperfaqe prej 190 m2 dhe organizohet ne 4 ambiente pune, recepsion, kuzhine, dy tualete dhe dy ballkone.<br \/>\nNdodhet ne katin e 11-te duke ofruar pamje te lire te Tiranes.<br \/>\nMundesi per post parkimi me cmim ekstra.<\/p>\n<p>Ne cmim nuk perfshihet tatimi i mbajtur ne burim.<\/p>\n<p>P\u00ebr nj\u00eb vizit\u00eb n\u00eb pron\u00eb ose m\u00eb shum\u00eb informacion, mos hezitoni t\u00eb na kontaktoni!<\/p>\n<p>Remax Perla Real Estate kompania num\u00ebr nj\u00eb n\u00eb shqiperi p\u00ebr Pasurit\u00eb e Paluajtshme!<br \/>\nNe i japim vler\u00eb pron\u00ebs tuaj!<\/p>\n","protected":false},"author":86,"featured_media":32533,"template":"","class_list":["post-32534","estate","type-estate","status-publish","has-post-thumbnail","hentry","property-type-office","offer-type-for-rent","neighborhood-toptani-center","city-tirane","street-rruga-abdi-toptani-tirane-albania","klient-https-www-remax-albania-com-sq-al-listime-zyre-per-qira-rruga-abdi-toptani-530261038-4541"],"translation":{"provider":"WPGlobus","version":"2.12.2","language":"al","enabled_languages":["en","al"],"languages":{"en":{"title":true,"content":true,"excerpt":false},"al":{"title":false,"content":false,"excerpt":false}}},"_links":{"self":[{"href":"https:\/\/www.perla.al\/al\/wp-json\/wp\/v2\/estate\/32534"}],"collection":[{"href":"https:\/\/www.perla.al\/al\/wp-json\/wp\/v2\/estate"}],"about":[{"href":"https:\/\/www.perla.al\/al\/wp-json\/wp\/v2\/types\/estate"}],"author":[{"embeddable":true,"href":"https:\/\/www.perla.al\/al\/wp-json\/wp\/v2\/users\/86"}],"wp:featuredmedia":[{"embeddable":true,"href":"https:\/\/www.perla.al\/al\/wp-json\/wp\/v2\/media\/32533"}],"wp:attachment":[{"href":"https:\/\/www.perla.al\/al\/wp-json\/wp\/v2\/media?parent=32534"}],"curies":[{"name":"wp","href":"https:\/\/api.w.org\/{rel}","templated":true}]}}

Zyrë &#8211; Për Qira &#8211; Rruga Abdi Toptani, Tiranë

<p>Jepet zyre per qira tek Torre Drini.<br />
Ambienti ka nje siperfaqe prej 190 m2 dhe organizohet ne 4 ambiente pune, recepsion, kuzhine, dy tualete dhe dy ballkone.<br />
Ndodhet ne katin e 11-te duke ofruar pamje te lire te Tiranes.<br />
Mundesi per post parkimi me cmim ekstra.</p>
<p>Ne cmim nuk perfshihet tatimi i mbajtur ne burim.</p>
<p>Për një vizitë në pronë ose më shumë informacion, mos hezitoni të na kontaktoni!</p>
<p>Remax Perla Real Estate kompania numër një në shqiperi për Pasuritë e Paluajtshme!<br />
Ne i japim vlerë pronës tuaj!</p>
